{"id":14789,"date":"2021-08-27T12:32:49","date_gmt":"2021-08-27T10:32:49","guid":{"rendered":"https:\/\/wartapoznan.pl\/?page_id=14789"},"modified":"2024-09-12T14:18:58","modified_gmt":"2024-09-12T12:18:58","slug":"klub-2","status":"publish","type":"page","link":"https:\/\/wartapoznan.pl\/index.php\/klub-2\/","title":{"rendered":"Klub"},"content":{"rendered":"<p>[vc_section full_width=&#8221;stretch_row&#8221; disable_element=&#8221;yes&#8221; el_class=&#8221;club_bg&#8221; css=&#8221;.vc_custom_1629982786961{background-image: url(https:\/\/wartapoznan.pl\/wp-content\/uploads\/2021\/08\/Mask-Group-1-2.png?id=14750) !important;}&#8221;][vc_row][vc_column offset=&#8221;vc_col-lg-offset-0&#8243; el_class=&#8221;global_hero&#8221;][vc_raw_html]JTNDZGl2JTIwY2xhc3MlM0QlMjJyb3clMjIlM0UlMEElMDklM0NkaXYlMjBjbGFzcyUzRCUyMmNsdWJfaGVybyUyMGhlcm8tdW5pdF9fY29udGVudC0tbGVmdC1jZW50ZXIlMjIlM0UlMEElMDklMDklM0NkaXYlMjBjbGFzcyUzRCUyMmNsdWJfaGVyby0td3JhcHBlciUyMiUzRSUwQSUwOSUwOSUwOSUzQ2RpdiUyMGNsYXNzJTNEJTIyaGFzaHRhZ3MlMjIlM0UlMEElMDklMDklMDklMDklM0NhJTIwaHJlZiUzRCUyMiUyMyUyMiUzRSUyM3dhcnRvcGFtaWV0YWMlMjAlMjN3YXJ0b3BhdHJ6ZWN3cHJ6eXN6bG9zYyUzQyUyRmElM0UlMEElMDklMDklMDklM0MlMkZkaXYlM0UlMEElMDklMDklMDklM0NoMyUyMGNsYXNzJTIwJTNEJTIwJTIyYnVzaW5lc3NfaGVyby0taGVhZGluZyUyMiUyMCUzRVBhbWklQzQlOTl0YW15JTIwbyUyMGhpc3RvcmlpJTJDJTIwJTNDYnIlM0UlMjBwYXRyenlteSUyMHclMjBwcnp5c3olQzUlODJvJUM1JTlCJUM0JTg3Li4uJTNDJTJGaDMlM0UlMEElMjAlMjAlMjAlMjAlMjAlMjAlMjAlMjAlMjAlMjAlMjAlMjAlM0NwJTIwY2xhc3MlMjAlM0QlMjAlMjJidXNpbmVzc19oZXJvLS1xdW90ZSUyMiUzRVNwb3J0JTIwaSUyMGJpem5lcyUyMG9kJTIwemF3c3plJTIwc3olQzUlODJ5JTIwemUlMjBzb2IlQzQlODUlMjB3JTIwcGFyemUlMjBvc2klQzQlODVnYWolQzQlODVjJTIwd3NwJUMzJUIzbG5lJTIwY2VsZSUyMHd5bmlrYWolQzQlODVjZSUyMHolMjB1bSVDMyVCM3clMjBzcG9uc29yaW5nb3d5Y2guJTIwQ2hjaWVsaWJ5JUM1JTlCbXklMjBhYnklMjB3c3AlQzMlQjMlQzUlODJwcmFjYSUyMHolMjBXYXJ0JUM0JTg1JTIwYnklQzUlODJhJTIwd2FydG8lQzUlOUJjaSVDNCU4NSUyMGRvZGFuJUM0JTg1JTIwZGxhJTIwZmlybSUyMGklMjBtYXJlay4lMjBXYXJ0byUyMHNwcmF3ZHppJUM0JTg3JTIxJTNDJTJGcCUzRSUwQSUyMCUyMCUyMCUyMCUyMCUyMCUyMCUyMCUyMCUyMCUyMCUyMCUzQ2RpdiUyMGNsYXNzJTNEJTIyYnRuLWNvbnRhaW5lciUyMGJ1c2luZXNzX2J1dHRvbiUyMiUzRSUyMCUzQ2ElMjBjbGFzcyUzRCUyMmJ0biUyMGJ0bi13aGl0ZSUyMiUyMHRhYmluZGV4JTNEJTIyLTElMjIlMjAlMjBocmVmJTNEJTIyJTIzbmF2LTElMjIlMjB0YWJpbmRleCUzRCUyMi0xJTIyJTNFUG96bmFqJTIwbmFzJTIwYmFyZHppZWolM0MlMkZhJTNFJTNDJTJGZGl2JTNFJTBBJTA5JTA5JTNDJTJGZGl2JTNFJTA5JTBBJTA5JTNDJTJGZGl2JTNFJTBBJTA5JTNDJTJGZGl2JTNF[\/vc_raw_html][\/vc_column][\/vc_row][\/vc_section][vc_row full_width=&#8221;stretch_row_content_no_spaces&#8221; disable_element=&#8221;yes&#8221; css=&#8221;.vc_custom_1631873341120{background-color: #0d7646 !important;}&#8221;][vc_column el_class=&#8221;row business_nav&#8221;][vc_raw_html]JTNDZGl2JTIwY2xhc3MlMjAlM0QlMjAlMjJjb250YWluZXIlMjIlM0UlMEElM0NkaXYlMjBjbGFzcyUyMCUzRCUyMCUyMnJvdyUyMiUzRSUwQSUzQ2RpdiUyMGNsYXNzJTIwJTNEJTIwJTIyY29sLWxnLTMlMjB0ZXh0LWNlbnRlciUyMiUyMHN0eWxlJTIwJTNEJTIwJTIycGFkZGluZy10b3AlM0EyNXB4JTNCJTIwZm9udC1zaXplJTNBMTZweCUzQiUyMGxpbmUtaGVpZ2h0JTNBMjNweCUzQiUyMiUzRSUwQSUzQ2ElMjBocmVmJTIwJTNEJTIwJTIyJTIzJTIyJTIwY2xhc3MlMjAlM0QlMjAlMjJjb250ZW50X25hdi0taXRlbS1pbm5lci1oaXN0b3J5X3NpdGUlMjIlM0VLbHViJTNDJTJGYSUzRSUwQSUzQyUyRmRpdiUzRSUwQSUzQ2RpdiUyMGNsYXNzJTIwJTNEJTIwJTIyY29sLWxnLTMlMjB0ZXh0LWNlbnRlciUyMiUyMHN0eWxlJTIwJTNEJTIwJTIycGFkZGluZy10b3AlM0EyNXB4JTNCJTIwZm9udC1zaXplJTNBMTZweCUzQiUyMGxpbmUtaGVpZ2h0JTNBMjNweCUzQiUyMiUzRSUwQSUzQ2ElMjBocmVmJTIwJTNEJTIwJTIyJTJGaW5kZXgucGhwJTJGaGlzdG9yaWEtMiUyMiUyMGNsYXNzJTIwJTNEJTIwJTIyY29udGVudF9uYXYtLWl0ZW0lMjIlM0VIaXN0b3JpYSUzQyUyRmElM0UlMEElM0MlMkZkaXYlM0UlMEElM0NkaXYlMjBjbGFzcyUyMCUzRCUyMCUyMmNvbC1sZy0zJTIwdGV4dC1jZW50ZXIlMjIlMjBzdHlsZSUyMCUzRCUyMCUyMnBhZGRpbmctdG9wJTNBMjVweCUzQiUyMGZvbnQtc2l6ZSUzQTE2cHglM0IlMjBsaW5lLWhlaWdodCUzQTIzcHglM0IlMjIlM0UlMEElM0NhJTIwaHJlZiUyMCUzRCUyMCUyMiUyMyUyMiUyMGNsYXNzJTIwJTNEJTIwJTIyY29udGVudF9uYXYtLWl0ZW0lMjIlM0VBa2Nqb25hcml1c3plJTNDJTJGYSUzRSUwQSUzQyUyRmRpdiUzRSUwQSUzQ2RpdiUyMGNsYXNzJTIwJTNEJTIwJTIyY29sLWxnLTMlMjB0ZXh0LWNlbnRlciUyMiUyMHN0eWxlJTIwJTNEJTIwJTIycGFkZGluZy10b3AlM0EyNXB4JTNCJTIwZm9udC1zaXplJTNBMTZweCUzQiUyMGxpbmUtaGVpZ2h0JTNBMjNweCUzQiUyMiUzRSUwQSUzQ2ElMjBocmVmJTIwJTNEJTIwJTIyJTJGaW5kZXgucGhwJTJGY2F0ZWdvcnklMkZub3d5b2dyb2RlayUyMiUyMGNsYXNzJTIwJTNEJTIwJTIyY29udGVudF9uYXYtLWl0ZW0lMjIlM0UlMjNOb3d5T2dyJUMzJUIzZGVrJTNDJTJGYSUzRSUwQSUzQyUyRmRpdiUzRSUwQSUzQyUyRmRpdiUzRSUwQSUzQyUyRmRpdiUzRSUwQQ==[\/vc_raw_html][\/vc_column][\/vc_row][vc_section full_width=&#8221;stretch_row&#8221; el_class=&#8221;mb-0&#8243; css=&#8221;.vc_custom_1631524881272{background-image: url(https:\/\/wartapoznan.pl\/wp-content\/uploads\/2021\/08\/Image-18.png?id=14722) !important;background-position: center !important;background-repeat: no-repeat !important;background-size: cover !important;}&#8221;][vc_row css=&#8221;.vc_custom_1637761694123{background-position: center !important;background-repeat: no-repeat !important;background-size: cover !important;}&#8221; el_id=&#8221;nav-1&#8243;][vc_column][vc_custom_heading text=&#8221;Od pocz\u0105tku..&#8221; font_container=&#8221;tag:h3|font_size:36px|text_align:center|color:%23ffffff&#8221; google_fonts=&#8221;font_family:Montserrat%3Aregular%2C700|font_style:700%20bold%20regular%3A700%3Anormal&#8221; css=&#8221;.vc_custom_1630048827080{margin-top: 60px !important;margin-bottom: 50px !important;}&#8221; el_class=&#8221;global__heading&#8221;][vc_column_text el_class=&#8221;cbbutton_marginone club_mobile&#8211;spacer&#8221; css=&#8221;.vc_custom_1640084061018{margin-bottom: 100px !important;}&#8221;]<\/p>\n<p class=\"main_quote--white\">Warta Pozna\u0144 to najstarszy, istniej\u0105cy klub pi\u0142karski w stolicy Wielkopolski i jeden z najstarszych w kraju. Pi\u0142karze \u201eZielonych\u201d byli wsz\u0119dzie tam, gdzie dzia\u0142y si\u0119 wa\u017cne dla polskiego futbolu, reprezentowali Polsk\u0119 na Igrzyskach Olimpijskich i mistrzostwach \u015bwiata. W 1927 roku Warta Pozna\u0144 by\u0142a jednym z za\u0142o\u017cycieli ligi pi\u0142karskiej w Polsce, czyli dzisiejszej Ekstraklasy.<\/p>\n<p class=\"main_quote--white\">Dwa mistrzostwa Polski (1929 i 1947 rok), pi\u0119\u0107 tytu\u0142\u00f3w wicemistrza kraju i siedem sezon\u00f3w zako\u0144czonych na trzecim stopniu podium w Ekstraklasie daje Warcie Pozna\u0144 miejsce w pierwszej dziesi\u0105tce najbardziej utytu\u0142owanych polskich klub\u00f3w.<\/p>\n<p>[\/vc_column_text][\/vc_column][\/vc_row][\/vc_section][vc_section full_width=&#8221;stretch_row&#8221; css=&#8221;.vc_custom_1640096145601{background-image: url(https:\/\/wartapoznan.pl\/wp-content\/uploads\/2021\/08\/Group-715.png?id=14723) !important;}&#8221; el_class=&#8221;mb-0 mission_section&#8221;][vc_row el_id=&#8221;nav-3&#8243;][vc_column][vc_custom_heading text=&#8221;#Wartomie\u0107misje&#8221; font_container=&#8221;tag:h2|font_size:36px|text_align:center|color:%230d7646&#8243; google_fonts=&#8221;font_family:Montserrat%3Aregular%2C700|font_style:700%20bold%20regular%3A700%3Anormal&#8221; el_class=&#8221;global__heading mission_heading&#8221;][vc_column_text el_class=&#8221;club_spacer&#8211;inner clubmission_quote&#8221;]<\/p>\n<p style=\"text-align: center;\"><span class=\"main_heading--centered\">Si\u0142\u0119 marki Warty Pozna\u0144 wykorzystujemy na boisku i poza nim<br \/>\n\u2013 zmieniaj\u0105c na lepsze \u017cycie Poznania i regionu.<\/span><\/p>\n<p>[\/vc_column_text][vc_column_text css=&#8221;.vc_custom_1639405686179{padding-bottom: 100px !important;}&#8221;]<\/p>\n<p class=\"main_quote--black\">Wychodzimy z za\u0142o\u017cenia, \u017ce nowoczesny klub pi\u0142karski nie powinien skupia\u0107 si\u0119 wy\u0142\u0105cznie na rywalizacji na boisku. Pami\u0119taj\u0105c o tym i piel\u0119gnuj\u0105c swoj\u0105 pi\u0119kn\u0105 histori\u0119, Warta Pozna\u0144 tworzy sw\u00f3j nowy wizerunek. W opublikowanym w 2020 roku \u201ePlanie Rozwoju 2020-23\u201d okre\u015bla si\u0119 jako klub zaanga\u017cowany spo\u0142ecznie, walcz\u0105cy z wykluczeniami, i dbaj\u0105cy o potrzeby senior\u00f3w, dzieci i os\u00f3b z niepe\u0142nosprawno\u015bciami. Tradycyjny przydomek \u201eZieloni\u201d jest z kolei wyzwaniem do podejmowania dzia\u0142a\u0144 na rzecz ochrony \u015brodowiska naturalnego.<\/p>\n<p class=\"main_quote--black\">Dlatego opr\u00f3cz rywalizacji o ligowe punkty i pr\u00f3by nawi\u0105zania do najwspanialszych moment\u00f3w w dziejach Warty Pozna\u0144, Klub realizuje r\u00f3wnie\u017c szereg inicjatyw wynikaj\u0105cych ze spo\u0142ecznej odpowiedzialno\u015bci biznesu. Uwa\u017camy, \u017ce te aktywno\u015bci mo\u017cna ze sob\u0105 sp\u00f3jnie pogodzi\u0107. Przyk\u0142adem jest bardzo dobrze odebrana w\u015br\u00f3d kibic\u00f3w akcja \u201eAle zasadzi\u0142!\u201d, w ramach kt\u00f3rej Warta Pozna\u0144 zobowi\u0105za\u0142a si\u0119 do zasadzenia 100 drzew za ka\u017cdego gola strzelonego w sezonie przez naszych pi\u0142karzy.<\/p>\n<p class=\"main_quote--black\">Ponadto realizujemy liczne projekty, takie jak \u201eZielona Pasieka\u201d, \u201eAktywny Senior\u201d, \u201eAleja Warciarzy\u201d i bierzemy udzia\u0142 w akcjach sprz\u0105tania Ziemi.<\/p>\n<p>[\/vc_column_text][\/vc_column][\/vc_row][\/vc_section][vc_section full_width=&#8221;stretch_row&#8221; el_class=&#8221;mb-0&#8243;][vc_row full_width=&#8221;stretch_row_content_no_spaces&#8221;][vc_column][vc_raw_html]JTVCbWV0YXNsaWRlciUyMGlkJTNEJTIyMTQ3NzQlMjIlNUQ=[\/vc_raw_html][\/vc_column][\/vc_row][\/vc_section][vc_row full_width=&#8221;stretch_row_content_no_spaces&#8221; css=&#8221;.vc_custom_1629978305174{background-image: url(https:\/\/wartapoznan.pl\/wp-content\/uploads\/2021\/08\/Mask-Group-22.png?id=14742) !important;background-position: center !important;background-repeat: no-repeat !important;background-size: cover !important;}&#8221; el_id=&#8221;nav-6&#8243;][vc_column el_class=&#8221;row&#8221;][vc_custom_heading text=&#8221;Warta Pozna\u0144 jako Klub jest oparty o warto\u015bci i zaanga\u017cowanie spo\u0142eczne.&#8221; font_container=&#8221;tag:h3|font_size:24px|text_align:center|color:%23ffffff|line_height:28px&#8221; use_theme_fonts=&#8221;yes&#8221; css=&#8221;.vc_custom_1640262239113{margin-bottom: 50px !important;}&#8221; el_class=&#8221;value_heading mission_heading&#8221;][vc_single_image image=&#8221;14782&#8243; img_size=&#8221;full&#8221; alignment=&#8221;center&#8221; css=&#8221;.vc_custom_1640087276386{margin-bottom: 74px !important;}&#8221; el_class=&#8221;mdnone&#8221;][vc_single_image image=&#8221;15801&#8243; img_size=&#8221;full&#8221; alignment=&#8221;center&#8221; el_class=&#8221;mdblock&#8221;][\/vc_column][\/vc_row][vc_section full_width=&#8221;stretch_row&#8221; css=&#8221;.vc_custom_1631524902568{background-image: url(https:\/\/wartapoznan.pl\/wp-content\/uploads\/2021\/08\/Image-22.png?id=14745) !important;background-position: center !important;background-repeat: no-repeat !important;background-size: cover !important;}&#8221; el_class=&#8221;mb-0&#8243;][vc_row][vc_column][vc_custom_heading text=&#8221;#Wartomie\u0107wizj\u0119&#8221; font_container=&#8221;tag:h2|font_size:36px|text_align:center|color:%230d7646&#8243; google_fonts=&#8221;font_family:Montserrat%3Aregular%2C700|font_style:700%20bold%20regular%3A700%3Anormal&#8221; el_class=&#8221;global__heading mission_heading&#8221;][vc_column_text css=&#8221;.vc_custom_1640087519085{margin-bottom: 75px !important;}&#8221; el_class=&#8221;cbbutton_margintwo club_mobile&#8211;spacer&#8221;]<\/p>\n<p style=\"text-align: center;\"><span class=\"main_heading--centered\">Tworzymy miejsce spotka\u0144 sportu i spo\u0142eczno\u015bci, kt\u00f3re inspiruje i motywuje r\u00f3\u017cne grupy spo\u0142eczne. Tworzymy klub \u201ealternatywny\u201d, dla ludzi kt\u00f3rym nie jest wszystko jedno. Dzi\u0119ki takiemu podej\u015bciu b\u0119dziemy w stanie radzi\u0107 sobie dobrze na rynku. Pokazujemy, \u017ce mo\u017cna i\u015b\u0107 swoj\u0105 drog\u0105.<\/span><\/p>\n<p>[\/vc_column_text][vc_btn title=&#8221;POBIERZ PLAN ROZWOJU W PLIKU PDF&#8221; style=&#8221;custom&#8221; custom_background=&#8221;#0d7646&#8243; custom_text=&#8221;#ffffff&#8221; shape=&#8221;square&#8221; align=&#8221;center&#8221; css=&#8221;.vc_custom_1641193743987{margin-bottom: 80px !important;}&#8221; el_class=&#8221;business_specialbutton button_white&#8211;arrow&#8221; link=&#8221;url:https%3A%2F%2Fwartapoznan.pl%2Fwp-content%2Fuploads%2F2022%2F01%2FPlan_Rozwoju_Warta_Poznan_2020_2023.pdf|||&#8221;][vc_column_text css=&#8221;.vc_custom_1713368370641{margin-bottom: 75px !important;}&#8221; el_class=&#8221;cbbutton_margintwo club_mobile&#8211;spacer&#8221;]<\/p>\n<p style=\"text-align: center;\"><span class=\"main_heading--centered\">Pobierz aktualne sprawozdanie finansowe sp\u00f3\u0142ki.<\/span><\/p>\n<p>[\/vc_column_text][vc_btn title=&#8221;POBIERZ&#8221; style=&#8221;custom&#8221; custom_background=&#8221;#0d7646&#8243; custom_text=&#8221;#ffffff&#8221; shape=&#8221;square&#8221; align=&#8221;center&#8221; css=&#8221;.vc_custom_1713368471442{margin-bottom: 80px !important;}&#8221; el_class=&#8221;business_specialbutton button_white&#8211;arrow&#8221; link=&#8221;url:https%3A%2F%2Fwartapoznan.pl%2Fwp-content%2Fuploads%2F2024%2F03%2Fsprawozdanie-finansowe-2023.pdf|||&#8221;][\/vc_column][\/vc_row][\/vc_section][vc_row full_width=&#8221;stretch_row&#8221; css=&#8221;.vc_custom_1629288740747{background-image: url(https:\/\/wartapoznan.pl\/wp-content\/uploads\/2021\/08\/Group-713.svg?id=14597) !important;background-position: center !important;background-repeat: no-repeat !important;background-size: cover !important;}&#8221;][vc_column el_class=&#8221;container&#8221;][vc_custom_heading text=&#8221;Skontaktuj si\u0119 z nami&#8221; font_container=&#8221;tag:h3|font_size:36px|text_align:center|color:%23ffffff&#8221; google_fonts=&#8221;font_family:Montserrat%3Aregular%2C700|font_style:700%20bold%20regular%3A700%3Anormal&#8221; css=&#8221;.vc_custom_1629357821119{padding-top: 61px !important;padding-bottom: 41px !important;}&#8221; el_class=&#8221;global__heading&#8221;]\n<div class=\"wpcf7 no-js\" id=\"wpcf7-f14550-o1\" lang=\"pl-PL\" dir=\"ltr\">\n<div class=\"screen-reader-response\"><p role=\"status\" aria-live=\"polite\" aria-atomic=\"true\"><\/p> <ul><\/ul><\/div>\n<form action=\"\/index.php\/wp-json\/wp\/v2\/pages\/14789#wpcf7-f14550-o1\" method=\"post\" class=\"wpcf7-form init\" aria-label=\"Formularz kontaktowy\" novalidate=\"novalidate\" data-status=\"init\">\n<div style=\"display: none;\">\n<input type=\"hidden\" name=\"_wpcf7\" value=\"14550\" \/>\n<input type=\"hidden\" name=\"_wpcf7_version\" value=\"5.9.8\" \/>\n<input type=\"hidden\" name=\"_wpcf7_locale\" value=\"pl_PL\" \/>\n<input type=\"hidden\" name=\"_wpcf7_unit_tag\" value=\"wpcf7-f14550-o1\" \/>\n<input type=\"hidden\" name=\"_wpcf7_container_post\" value=\"0\" \/>\n<input type=\"hidden\" name=\"_wpcf7_posted_data_hash\" value=\"\" \/>\n<input type=\"hidden\" name=\"_wpcf7_recaptcha_response\" value=\"\" \/>\n<\/div>\n<div class=\"row\">\n\t<div class=\"col-md-6 business-form\">\n\t\t<div class=\"form-group\">\n\t\t\t<p><label for \"nazwafirmy\">Nazwa firmy <span class=\"required\"><\/span><\/label><br \/>\n<span class=\"wpcf7-form-control-wrap\" data-name=\"input-brand\"><input size=\"40\" maxlength=\"25\" class=\"wpcf7-form-control wpcf7-text wpcf7-validates-as-required form-control\" id=\"nazwafirmy\" aria-required=\"true\" aria-invalid=\"false\" value=\"\" type=\"text\" name=\"input-brand\" \/><\/span>\n\t\t\t<\/p>\n\t\t<\/div>\n\t<\/div>\n\t<div class=\"col-md-6 business-form\">\n\t\t<div class=\"form-group\">\n\t\t\t<p><label for \"numertelefonu\">Numer telefonu<span class=\"required\"><\/span><\/label><br \/>\n<span class=\"wpcf7-form-control-wrap\" data-name=\"input-tel\"><input size=\"40\" maxlength=\"25\" class=\"wpcf7-form-control wpcf7-text wpcf7-validates-as-required form-control\" id=\"numertelefonu\" aria-required=\"true\" aria-invalid=\"false\" value=\"\" type=\"text\" name=\"input-tel\" \/><\/span>\n\t\t\t<\/p>\n\t\t<\/div>\n\t<\/div>\n\t<div class=\"col-md-6 business-form\">\n\t\t<div class=\"form-group\">\n\t\t\t<p><label for \"imieinazwisko\">Imi\u0119 i nazwisko <span class=\"required\"><\/span><\/label><br \/>\n<span class=\"wpcf7-form-control-wrap\" data-name=\"input-name\"><input size=\"40\" maxlength=\"25\" class=\"wpcf7-form-control wpcf7-text wpcf7-validates-as-required form-control\" id=\"imieinazwisko\" aria-required=\"true\" aria-invalid=\"false\" value=\"\" type=\"text\" name=\"input-name\" \/><\/span>\n\t\t\t<\/p>\n\t\t<\/div>\n\t<\/div>\n\t<div class=\"col-md-6 business-form\">\n\t\t<div class=\"form-group\">\n\t\t\t<p><label for \"adresemail\">Adres email <span class=\"required\"><\/span><\/label><br \/>\n<span class=\"wpcf7-form-control-wrap\" data-name=\"input-email\"><input size=\"40\" maxlength=\"25\" class=\"wpcf7-form-control wpcf7-text wpcf7-validates-as-required form-control\" id=\"adresemail\" aria-required=\"true\" aria-invalid=\"false\" value=\"\" type=\"text\" name=\"input-email\" \/><\/span>\n\t\t\t<\/p>\n\t\t<\/div>\n\t<\/div>\n\t<div class=\"col-md-6 business-form\">\n\t\t<div class=\"form-group\">\n\t\t\t<p><label for \"jakipakiet\">Jaki pakiet wybierasz?<span class=\"required\"><\/span><\/label><br \/>\n<span class=\"wpcf7-form-control-wrap\" data-name=\"pakiet\"><select class=\"wpcf7-form-control wpcf7-select\" id=\"jakipakiet\" aria-invalid=\"false\" name=\"pakiet\"><option value=\"\">Wybierz pakiet, kt\u00f3ry Ci\u0119 interesuje<\/option><option value=\"Sponsor strategiczny\">Sponsor strategiczny<\/option><option value=\"Sponsor g\u0142\u00f3wny\">Sponsor g\u0142\u00f3wny<\/option><option value=\"Sponsor premium\">Sponsor premium<\/option><option value=\"Sponsor biznes\">Sponsor biznes<\/option><option value=\"Klub Biznesu Platynowy\">Klub Biznesu Platynowy<\/option><option value=\"Klub Biznesu Z\u0142oty\">Klub Biznesu Z\u0142oty<\/option><option value=\"Klub Biznesu Srebrny\">Klub Biznesu Srebrny<\/option><option value=\"Przyjaciel Warty\">Przyjaciel Warty<\/option><\/select><\/span>\n\t\t\t<\/p>\n\t\t<\/div>\n\t<\/div>\n\t<div class=\"col-md-6 business-form\">\n\t\t<div class=\"form-group\">\n\t\t\t<p><label for \"jakicel\">Jaki cel chcesz wesprze\u0107?<span class=\"required\"><\/span><\/label><br \/>\n<span class=\"wpcf7-form-control-wrap\" data-name=\"Cel\"><select class=\"wpcf7-form-control wpcf7-select\" id=\"jakicel\" aria-invalid=\"false\" name=\"Cel\"><option value=\"\">Wybierz cel, jaki chcesz wesprze\u0107<\/option><option value=\"Szkolenie dzieci i m\u0142odzie\u017cy\">Szkolenie dzieci i m\u0142odzie\u017cy<\/option><option value=\"AMP Futbol\">AMP Futbol<\/option><option value=\"Pi\u0142ka no\u017cna kobiet\">Pi\u0142ka no\u017cna kobiet<\/option><option value=\"Ekologia\">Ekologia<\/option><\/select><\/span>\n\t\t\t<\/p>\n\t\t<\/div>\n\t<\/div>\n\t<div class=\"col-md-12 business-form\">\n\t\t<div class=\"form-group\">\n\t\t\t<p><span class=\"wpcf7-form-control-wrap\" data-name=\"acceptance-568\"><span class=\"wpcf7-form-control wpcf7-acceptance\"><span class=\"wpcf7-list-item\"><label><input type=\"checkbox\" name=\"acceptance-568\" value=\"1\" aria-invalid=\"false\" \/><span class=\"wpcf7-list-item-label\">Uwaga! Przesy\u0142aj\u0105c formularz wyra\u017casz zgod\u0119 na \u015bwiadczenie us\u0142ug drog\u0105 elektroniczn\u0105, a tak\u017ce na przetwarzanie danych osobowych. Polityka prywatno\u015bci dost\u0119pna pod <a href=\"\/index.php\/polityka-prywatnosci\/\">tym linkiem<\/a><\/span><\/label><\/span><\/span><\/span>\n\t\t\t<\/p>\n\t\t<\/div>\n\t<\/div>\n\t<div class=\"col-md-12 text-center mt-5\">\n\t\t<div class=\"form-group\">\n\t\t\t<p><button type=\"submit\" class=\"wpcf7-submit business-form_button\">Wy\u015blij formularz<\/button><br \/>\n<img decoding=\"async\" class=\"ajax-loader\" src=\"\/wp-content\/plugins\/contact-form-7\/images\/ajax-loader.gif\" alt=\"Sending ...\" style=\"visibility: hidden; opacity: 1;\" \/>\n\t\t\t<\/p>\n\t\t<\/div>\n\t<\/div>\n<\/div><div class=\"wpcf7-response-output\" aria-hidden=\"true\"><\/div>\n<\/form>\n<\/div>\n[\/vc_column][\/vc_row][vc_section full_width=&#8221;stretch_row&#8221; disable_element=&#8221;yes&#8221; el_class=&#8221;newsletter-section mb-0&#8243; css=&#8221;.vc_custom_1631613209554{background-image: url(https:\/\/wartapoznan.pl\/wp-content\/uploads\/2021\/07\/Mask-Group-10.png?id=14379) !important;}&#8221;][vc_row][vc_column][vc_raw_html]JTNDaDIlM0VCJUM0JTg1ZCVDNSVCQSUyMG5hJTIwYmllJUM1JUJDJUM0JTg1Y28lMjElMjBaYXBpc3olMjBzaSVDNCU5OSUyMGRvJTIwbmV3c2xldHRlcmEuJTNDJTJGaDIlM0UlMEElM0NkaXYlMjBjbGFzcyUzRCUyMnRucCUyMHRucC1zdWJzY3JpcHRpb24lMjIlM0UlMEElM0Nmb3JtJTIwbWV0aG9kJTNEJTIycG9zdCUyMiUyMGFjdGlvbiUzRCUyMmh0dHBzJTNBJTJGJTJGd2FydGEuY2ZvbGtzLnBsJTJGJTNGbmElM0RzJTIyJTNFJTBBJTBBJTNDaW5wdXQlMjB0eXBlJTNEJTIyaGlkZGVuJTIyJTIwbmFtZSUzRCUyMm5sYW5nJTIyJTIwdmFsdWUlM0QlMjIlMjIlM0UlM0NkaXYlMjBjbGFzcyUzRCUyMnRucC1maWVsZCUyMHRucC1maWVsZC1lbWFpbCUyMiUzRSUwQSUzQ2lucHV0JTIwY2xhc3MlM0QlMjJ0bnAtZW1haWwlMjIlMjB0eXBlJTNEJTIyZW1haWwlMjIlMjBuYW1lJTNEJTIybmUlMjIlMjB2YWx1ZSUzRCUyMiUyMiUyMHJlcXVpcmVkJTIwcGxhY2Vob2xkZXIlM0QlMjJXcGlzeiUyMHclMjB0byUyMG1pZWpzY2UlMjBhZHJlcyUyMGUtbWFpbCUyMiUzRSUzQyUyRmRpdiUzRSUwQSUzQ2RpdiUyMGNsYXNzJTNEJTIydG5wLWZpZWxkJTIwdG5wLXByaXZhY3ktZmllbGQlMjIlM0UlM0NsYWJlbCUzRVV3YWdhJTIxJTIwUHJ6ZXN5JUM1JTgyYWolQzQlODVjJTIwZm9ybXVsYXJ6JTIwd3lyYSVDNSVCQ2FzeiUyMHpnb2QlQzQlOTklMjBuYSUyMCVDNSU5QndpYWRjemVuaWUlMjB1cyVDNSU4MnVnJTIwZHJvZyVDNCU4NSUyMGVsZWt0cm9uaWN6biVDNCU4NSUyQyUyMGElMjB0YWslQzUlQkNlJTIwbmElMjBwcnpldHdhcnphbmllJTIwZGFueWNoJTIwb3NvYm93eWNoLiUyMFBvbGl0eWthJTIwcHJ5d2F0bm8lQzUlOUJjaSUyMGRvc3QlQzQlOTlwbmElMjBwb2QlMjAlM0NhJTIwaHJlZiUzRCUyMiUyMyUyMiUzRXR5bSUyMGxpbmtpZW0lM0MlMkZhJTNFJTNDJTJGbGFiZWwlM0UlM0MlMkZkaXYlM0UlMEElM0NkaXYlMjBjbGFzcyUzRCUyMnRucC1maWVsZCUyMHRucC1maWVsZC1idXR0b24lMjBidG4tY29udGFpbmVyJTIyJTNFJTNDaW5wdXQlMjBjbGFzcyUzRCUyMnRucC1zdWJtaXQlMjBidG4lMjBidG4tZ3JlZW4tcmV2ZXJzZWQlMjIlMjB0eXBlJTNEJTIyc3VibWl0JTIyJTIwdmFsdWUlM0QlMjJaQVBJU1olMjBTSSVDNCU5OCUyMERPJTIwTkVXU0xFVFRFUkElMjIlMjAlM0UlMEElM0MlMkZkaXYlM0UlMEElM0MlMkZmb3JtJTNFJTBBJTNDJTJGZGl2JTNF[\/vc_raw_html][\/vc_column][\/vc_row][\/vc_section]<\/p>\n","protected":false},"excerpt":{"rendered":"<p>[vc_section full_width=&#8221;stretch_row&#8221; disable_element=&#8221;yes&#8221; el_class=&#8221;club_bg&#8221; css=&#8221;.vc_custom_1629982786961{background-image: url(https:\/\/wartapoznan.pl\/wp-content\/uploads\/2021\/08\/Mask-Group-1-2.png?id=14750) !important;}&#8221;][vc_row][vc_column offset=&#8221;vc_col-lg-offset-0&#8243; el_class=&#8221;global_hero&#8221;][vc_raw_html]JTNDZGl2JTIwY2xhc3MlM0QlMjJyb3clMjIlM0UlMEElMDklM0NkaXYlMjBjbGFzcyUzRCUyMmNsdWJfaGVybyUyMGhlcm8tdW5pdF9fY29udGVudC0tbGVmdC1jZW50ZXIlMjIlM0UlMEElMDklMDklM0NkaXYlMjBjbGFzcyUzRCUyMmNsdWJfaGVyby0td3JhcHBlciUyMiUzRSUwQSUwOSUwOSUwOSUzQ2RpdiUyMGNsYXNzJTNEJTIyaGFzaHRhZ3MlMjIlM0UlMEElMDklMDklMDklMDklM0NhJTIwaHJlZiUzRCUyMiUyMyUyMiUzRSUyM3dhcnRvcGFtaWV0YWMlMjAlMjN3YXJ0b3BhdHJ6ZWN3cHJ6eXN6bG9zYyUzQyUyRmElM0UlMEElMDklMDklMDklM0MlMkZkaXYlM0UlMEElMDklMDklMDklM0NoMyUyMGNsYXNzJTIwJTNEJTIwJTIyYnVzaW5lc3NfaGVyby0taGVhZGluZyUyMiUyMCUzRVBhbWklQzQlOTl0YW15JTIwbyUyMGhpc3RvcmlpJTJDJTIwJTNDYnIlM0UlMjBwYXRyenlteSUyMHclMjBwcnp5c3olQzUlODJvJUM1JTlCJUM0JTg3Li4uJTNDJTJGaDMlM0UlMEElMjAlMjAlMjAlMjAlMjAlMjAlMjAlMjAlMjAlMjAlMjAlMjAlM0NwJTIwY2xhc3MlMjAlM0QlMjAlMjJidXNpbmVzc19oZXJvLS1xdW90ZSUyMiUzRVNwb3J0JTIwaSUyMGJpem5lcyUyMG9kJTIwemF3c3plJTIwc3olQzUlODJ5JTIwemUlMjBzb2IlQzQlODUlMjB3JTIwcGFyemUlMjBvc2klQzQlODVnYWolQzQlODVjJTIwd3NwJUMzJUIzbG5lJTIwY2VsZSUyMHd5bmlrYWolQzQlODVjZSUyMHolMjB1bSVDMyVCM3clMjBzcG9uc29yaW5nb3d5Y2guJTIwQ2hjaWVsaWJ5JUM1JTlCbXklMjBhYnklMjB3c3AlQzMlQjMlQzUlODJwcmFjYSUyMHolMjBXYXJ0JUM0JTg1JTIwYnklQzUlODJhJTIwd2FydG8lQzUlOUJjaSVDNCU4NSUyMGRvZGFuJUM0JTg1JTIwZGxhJTIwZmlybSUyMGklMjBtYXJlay4lMjBXYXJ0byUyMHNwcmF3ZHppJUM0JTg3JTIxJTNDJTJGcCUzRSUwQSUyMCUyMCUyMCUyMCUyMCUyMCUyMCUyMCUyMCUyMCUyMCUyMCUzQ2RpdiUyMGNsYXNzJTNEJTIyYnRuLWNvbnRhaW5lciUyMGJ1c2luZXNzX2J1dHRvbiUyMiUzRSUyMCUzQ2ElMjBjbGFzcyUzRCUyMmJ0biUyMGJ0bi13aGl0ZSUyMiUyMHRhYmluZGV4JTNEJTIyLTElMjIlMjAlMjBocmVmJTNEJTIyJTIzbmF2LTElMjIlMjB0YWJpbmRleCUzRCUyMi0xJTIyJTNFUG96bmFqJTIwbmFzJTIwYmFyZHppZWolM0MlMkZhJTNFJTNDJTJGZGl2JTNFJTBBJTA5JTA5JTNDJTJGZGl2JTNFJTA5JTBBJTA5JTNDJTJGZGl2JTNFJTBBJTA5JTNDJTJGZGl2JTNF[\/vc_raw_html][\/vc_column][\/vc_row][\/vc_section][vc_row full_width=&#8221;stretch_row_content_no_spaces&#8221; disable_element=&#8221;yes&#8221; css=&#8221;.vc_custom_1631873341120{background-color: #0d7646 !important;}&#8221;][vc_column el_class=&#8221;row business_nav&#8221;][vc_raw_html]JTNDZGl2JTIwY2xhc3MlMjAlM0QlMjAlMjJjb250YWluZXIlMjIlM0UlMEElM0NkaXYlMjBjbGFzcyUyMCUzRCUyMCUyMnJvdyUyMiUzRSUwQSUzQ2RpdiUyMGNsYXNzJTIwJTNEJTIwJTIyY29sLWxnLTMlMjB0ZXh0LWNlbnRlciUyMiUyMHN0eWxlJTIwJTNEJTIwJTIycGFkZGluZy10b3AlM0EyNXB4JTNCJTIwZm9udC1zaXplJTNBMTZweCUzQiUyMGxpbmUtaGVpZ2h0JTNBMjNweCUzQiUyMiUzRSUwQSUzQ2ElMjBocmVmJTIwJTNEJTIwJTIyJTIzJTIyJTIwY2xhc3MlMjAlM0QlMjAlMjJjb250ZW50X25hdi0taXRlbS1pbm5lci1oaXN0b3J5X3NpdGUlMjIlM0VLbHViJTNDJTJGYSUzRSUwQSUzQyUyRmRpdiUzRSUwQSUzQ2RpdiUyMGNsYXNzJTIwJTNEJTIwJTIyY29sLWxnLTMlMjB0ZXh0LWNlbnRlciUyMiUyMHN0eWxlJTIwJTNEJTIwJTIycGFkZGluZy10b3AlM0EyNXB4JTNCJTIwZm9udC1zaXplJTNBMTZweCUzQiUyMGxpbmUtaGVpZ2h0JTNBMjNweCUzQiUyMiUzRSUwQSUzQ2ElMjBocmVmJTIwJTNEJTIwJTIyJTJGaW5kZXgucGhwJTJGaGlzdG9yaWEtMiUyMiUyMGNsYXNzJTIwJTNEJTIwJTIyY29udGVudF9uYXYtLWl0ZW0lMjIlM0VIaXN0b3JpYSUzQyUyRmElM0UlMEElM0MlMkZkaXYlM0UlMEElM0NkaXYlMjBjbGFzcyUyMCUzRCUyMCUyMmNvbC1sZy0zJTIwdGV4dC1jZW50ZXIlMjIlMjBzdHlsZSUyMCUzRCUyMCUyMnBhZGRpbmctdG9wJTNBMjVweCUzQiUyMGZvbnQtc2l6ZSUzQTE2cHglM0IlMjBsaW5lLWhlaWdodCUzQTIzcHglM0IlMjIlM0UlMEElM0NhJTIwaHJlZiUyMCUzRCUyMCUyMiUyMyUyMiUyMGNsYXNzJTIwJTNEJTIwJTIyY29udGVudF9uYXYtLWl0ZW0lMjIlM0VBa2Nqb25hcml1c3plJTNDJTJGYSUzRSUwQSUzQyUyRmRpdiUzRSUwQSUzQ2RpdiUyMGNsYXNzJTIwJTNEJTIwJTIyY29sLWxnLTMlMjB0ZXh0LWNlbnRlciUyMiUyMHN0eWxlJTIwJTNEJTIwJTIycGFkZGluZy10b3AlM0EyNXB4JTNCJTIwZm9udC1zaXplJTNBMTZweCUzQiUyMGxpbmUtaGVpZ2h0JTNBMjNweCUzQiUyMiUzRSUwQSUzQ2ElMjBocmVmJTIwJTNEJTIwJTIyJTJGaW5kZXgucGhwJTJGY2F0ZWdvcnklMkZub3d5b2dyb2RlayUyMiUyMGNsYXNzJTIwJTNEJTIwJTIyY29udGVudF9uYXYtLWl0ZW0lMjIlM0UlMjNOb3d5T2dyJUMzJUIzZGVrJTNDJTJGYSUzRSUwQSUzQyUyRmRpdiUzRSUwQSUzQyUyRmRpdiUzRSUwQSUzQyUyRmRpdiUzRSUwQQ==[\/vc_raw_html][\/vc_column][\/vc_row][vc_section full_width=&#8221;stretch_row&#8221; el_class=&#8221;mb-0&#8243; css=&#8221;.vc_custom_1631524881272{background-image: url(https:\/\/wartapoznan.pl\/wp-content\/uploads\/2021\/08\/Image-18.png?id=14722)&#8230;<\/p>\n","protected":false},"author":36,"featured_media":0,"parent":0,"menu_order":0,"comment_status":"closed","ping_status":"closed","template":"templates\/klub.php","meta":{"om_disable_all_campaigns":false,"inline_featured_image":false,"footnotes":"","_links_to":"","_links_to_target":""},"categories":[],"tags":[],"aioseo_notices":[],"_links":{"self":[{"href":"https:\/\/wartapoznan.pl\/index.php\/wp-json\/wp\/v2\/pages\/14789"}],"collection":[{"href":"https:\/\/wartapoznan.pl\/index.php\/wp-json\/wp\/v2\/pages"}],"about":[{"href":"https:\/\/wartapoznan.pl\/index.php\/wp-json\/wp\/v2\/types\/page"}],"author":[{"embeddable":true,"href":"https:\/\/wartapoznan.pl\/index.php\/wp-json\/wp\/v2\/users\/36"}],"replies":[{"embeddable":true,"href":"https:\/\/wartapoznan.pl\/index.php\/wp-json\/wp\/v2\/comments?post=14789"}],"version-history":[{"count":43,"href":"https:\/\/wartapoznan.pl\/index.php\/wp-json\/wp\/v2\/pages\/14789\/revisions"}],"predecessor-version":[{"id":29487,"href":"https:\/\/wartapoznan.pl\/index.php\/wp-json\/wp\/v2\/pages\/14789\/revisions\/29487"}],"wp:attachment":[{"href":"https:\/\/wartapoznan.pl\/index.php\/wp-json\/wp\/v2\/media?parent=14789"}],"wp:term":[{"taxonomy":"category","embeddable":true,"href":"https:\/\/wartapoznan.pl\/index.php\/wp-json\/wp\/v2\/categories?post=14789"},{"taxonomy":"post_tag","embeddable":true,"href":"https:\/\/wartapoznan.pl\/index.php\/wp-json\/wp\/v2\/tags?post=14789"}],"curies":[{"name":"wp","href":"https:\/\/api.w.org\/{rel}","templated":true}]}}