{"id":25390,"date":"2023-06-06T15:21:21","date_gmt":"2023-06-06T13:21:21","guid":{"rendered":"https:\/\/wartapoznan.pl\/?page_id=25390"},"modified":"2023-06-15T08:48:03","modified_gmt":"2023-06-15T06:48:03","slug":"dla-mediow","status":"publish","type":"page","link":"https:\/\/wartapoznan.pl\/index.php\/dla-mediow\/","title":{"rendered":"Dla medi\u00f3w"},"content":{"rendered":"<h2>Nawi\u0105zuje do tradycji i historycznego znaku klubu, a jednocze\u015bnie jest dynamicznym i nowoczesnym symbolem pi\u0142karskiej Warty Pozna\u0144 \u2013 oto nowy herb \u201eZielonych\u201d, kt\u00f3ry ma sw\u0105 premier\u0119 w dniu 111. rocznicy powstania klubu. <\/h2>\n<h2>Nowy herb Warty Pozna\u0144 jest dynamicznym i nowoczesnym symbolem klubu. Za stworzenie herbu \u201eZielonych\u201d jest odpowiedzialna pozna\u0144ska agencja 360 Mood Agency, kt\u00f3ra si\u0119gn\u0119\u0142a nie tylko do historii klubu, ale bazowa\u0142a r\u00f3wnie\u017c na jego niezwyk\u0142ej r\u00f3\u017cnorodno\u015bci. W efekcie powsta\u0142 nie tylko nowy herb Warty Pozna\u0144, ale r\u00f3wnie\u017c ksi\u0119ga znaku, wraz z brandbookiem.<\/h2>\n<p>\t\t<iframe title=\"111 LAT HISTORII. Nowy herb Warty Pozna\u0144\" src=\"https:\/\/www.youtube.com\/embed\/rRMROtHVUFc?feature=oembed\" frameborder=\"0\" allow=\"accelerometer; autoplay; clipboard-write; encrypted-media; gyroscope; picture-in-picture; web-share\" allowfullscreen><\/iframe>\t\t<\/p>\n<h2>Poni\u017cej udost\u0119pniamy materia\u0142y opublikowane na konferencji. Prosimy o stosowanie si\u0119 do za\u0142o\u017ce\u0144 zawartych w PressPacku.<\/h2>\n<p>\t\t\t<a href=\"https:\/\/wartapoznan.pl\/wp-content\/uploads\/2023\/06\/PRESS-PACK_WARTA-POZNAN.pdf\" target=\"_blank\" role=\"button\" rel=\"noopener noreferrer\"><br \/>\n\t\t\t\t\t\tPobierz  PressPack<br \/>\n\t\t\t\t\t<\/a><br \/>\n\t\t\t<a href=\"https:\/\/wartapoznan.pl\/wp-content\/uploads\/2023\/06\/HERB-WARTA-POZNAN.zip\" role=\"button\"><br \/>\n\t\t\t\t\t\tPobierz nowy herb<br \/>\n\t\t\t\t\t<\/a><br \/>\n\t\t\t<a href=\"https:\/\/wartapoznan.pl\/wp-content\/uploads\/2023\/06\/Warta_stadion_wizualizacje.zip\" target=\"_blank\" role=\"button\" rel=\"noopener noreferrer\"><br \/>\n\t\t\t\t\t\tPobierz wizualizacj\u0119 stadionu<br \/>\n\t\t\t\t\t<\/a><\/p>\n","protected":false},"excerpt":{"rendered":"<p>Nawi\u0105zuje do tradycji i historycznego znaku klubu, a jednocze\u015bnie jest dynamicznym i nowoczesnym symbolem pi\u0142karskiej Warty Pozna\u0144 \u2013 oto nowy&#8230;<\/p>\n","protected":false},"author":36,"featured_media":0,"parent":0,"menu_order":0,"comment_status":"closed","ping_status":"closed","template":"templates\/g\u0142\u00f3wnyszablon.php","meta":{"om_disable_all_campaigns":false,"inline_featured_image":false,"footnotes":"","_links_to":"","_links_to_target":""},"categories":[],"tags":[],"aioseo_notices":[],"_links":{"self":[{"href":"https:\/\/wartapoznan.pl\/index.php\/wp-json\/wp\/v2\/pages\/25390"}],"collection":[{"href":"https:\/\/wartapoznan.pl\/index.php\/wp-json\/wp\/v2\/pages"}],"about":[{"href":"https:\/\/wartapoznan.pl\/index.php\/wp-json\/wp\/v2\/types\/page"}],"author":[{"embeddable":true,"href":"https:\/\/wartapoznan.pl\/index.php\/wp-json\/wp\/v2\/users\/36"}],"replies":[{"embeddable":true,"href":"https:\/\/wartapoznan.pl\/index.php\/wp-json\/wp\/v2\/comments?post=25390"}],"version-history":[{"count":54,"href":"https:\/\/wartapoznan.pl\/index.php\/wp-json\/wp\/v2\/pages\/25390\/revisions"}],"predecessor-version":[{"id":25596,"href":"https:\/\/wartapoznan.pl\/index.php\/wp-json\/wp\/v2\/pages\/25390\/revisions\/25596"}],"wp:attachment":[{"href":"https:\/\/wartapoznan.pl\/index.php\/wp-json\/wp\/v2\/media?parent=25390"}],"wp:term":[{"taxonomy":"category","embeddable":true,"href":"https:\/\/wartapoznan.pl\/index.php\/wp-json\/wp\/v2\/categories?post=25390"},{"taxonomy":"post_tag","embeddable":true,"href":"https:\/\/wartapoznan.pl\/index.php\/wp-json\/wp\/v2\/tags?post=25390"}],"curies":[{"name":"wp","href":"https:\/\/api.w.org\/{rel}","templated":true}]}}

Dla mediów

<h2>Nawiązuje do tradycji i historycznego znaku klubu, a jednocześnie jest dynamicznym i nowoczesnym symbolem piłkarskiej Warty Poznań – oto nowy herb „Zielonych”, który ma swą premierę w dniu 111. rocznicy powstania klubu. </h2>
<h2>Nowy herb Warty Poznań jest dynamicznym i nowoczesnym symbolem klubu. Za stworzenie herbu „Zielonych” jest odpowiedzialna poznańska agencja 360 Mood Agency, która sięgnęła nie tylko do historii klubu, ale bazowała również na jego niezwykłej różnorodności. W efekcie powstał nie tylko nowy herb Warty Poznań, ale również księga znaku, wraz z brandbookiem.</h2>
<p>		<iframe title="111 LAT HISTORII. Nowy herb Warty Poznań" src="https://www.youtube.com/embed/rRMROtHVUFc?feature=oembed" frameborder="0" allow="accelerometer; autoplay; clipboard-write; encrypted-media; gyroscope; picture-in-picture; web-share" allowfullscreen></iframe>		</p>
<h2>Poniżej udostępniamy materiały opublikowane na konferencji. Prosimy o stosowanie się do założeń zawartych w PressPacku.</h2>
<p>			<a href="https://wartapoznan.pl/wp-content/uploads/2023/06/PRESS-PACK_WARTA-POZNAN.pdf" target="_blank" role="button" rel="noopener noreferrer"><br />
						Pobierz  PressPack<br />
					</a><br />
			<a href="https://wartapoznan.pl/wp-content/uploads/2023/06/HERB-WARTA-POZNAN.zip" role="button"><br />
						Pobierz nowy herb<br />
					</a><br />
			<a href="https://wartapoznan.pl/wp-content/uploads/2023/06/Warta_stadion_wizualizacje.zip" target="_blank" role="button" rel="noopener noreferrer"><br />
						Pobierz wizualizację stadionu<br />
					</a></p>

<p>Nawiązuje do tradycji i historycznego znaku klubu, a jednocześnie jest dynamicznym i nowoczesnym symbolem piłkarskiej Warty Poznań – oto nowy&#8230;</p>

templates/głównyszablon.php
