{"id":28203,"date":"2023-12-01T12:22:20","date_gmt":"2023-12-01T11:22:20","guid":{"rendered":"https:\/\/wartapoznan.pl\/?page_id=28203"},"modified":"2023-12-21T12:25:43","modified_gmt":"2023-12-21T11:25:43","slug":"subskrypcja-na-bilety-na-mecze-warty-poznan","status":"publish","type":"page","link":"https:\/\/wartapoznan.pl\/index.php\/subskrypcja-na-bilety-na-mecze-warty-poznan\/","title":{"rendered":"Subskrypcja na bilety na mecze Warty Pozna\u0144"},"content":{"rendered":"<p><img loading=\"lazy\" decoding=\"async\" width=\"1280\" height=\"500\" class=\"aligncenter size-full wp-image-28183\" src=\"https:\/\/wartapoznan.pl\/wp-content\/uploads\/2023\/12\/1280_x_500_subskrypcja_banner_www.jpg\" alt=\"Subskrypcja na bilety Warty Pozna\u0144\" srcset=\"https:\/\/wartapoznan.pl\/wp-content\/uploads\/2023\/12\/1280_x_500_subskrypcja_banner_www.jpg 1280w, https:\/\/wartapoznan.pl\/wp-content\/uploads\/2023\/12\/1280_x_500_subskrypcja_banner_www-300x117.jpg 300w, https:\/\/wartapoznan.pl\/wp-content\/uploads\/2023\/12\/1280_x_500_subskrypcja_banner_www-128x50.jpg 128w, https:\/\/wartapoznan.pl\/wp-content\/uploads\/2023\/12\/1280_x_500_subskrypcja_banner_www-32x13.jpg 32w\" sizes=\"(max-width: 1280px) 100vw, 1280px\" \/><\/p>\n<p><strong>Korzystasz z Netfliksa, Spotify lub innych us\u0142ug streamingowych? Teraz na podobnej zasadzie mo\u017cesz naby\u0107 subskrypcj\u0119 na mecze Warty Pozna\u0144.<\/strong><\/p>\n<p>Zakup bilet\u00f3w w modelu subskrypcyjnym to przede wszystkim wygoda, oszcz\u0119dno\u015b\u0107 oraz gwarancja zdobycia wej\u015bci\u00f3wek na ka\u017cdy mecz &#8222;Zielonych&#8221;. Dzi\u0119ki temu rozwi\u0105zaniu nie musisz martwi\u0107 si\u0119 tym czy masz wystarczaj\u0105c\u0105 kwot\u0119 pieni\u0119dzy, aby zakupi\u0107 karnet. Op\u0142ata za nabyt\u0105 subskrypcj\u0119 pobierana jest co miesi\u0105c. Nie obci\u0105\u017ca to znacz\u0105co portfela Kibica i pozwala na wi\u0119ksz\u0105 kontrol\u0119 nad swoim bud\u017cetem.<\/p>\n<p><strong>Dlaczego #WARTO mie\u0107 subskrypcj\u0119?<\/strong><\/p>\n<ul>\n<li>Gwarancja odbioru biletu na 48 godzin przed rozpocz\u0119ciem oficjalnej sprzeda\u017cy bilet\u00f3w na mecz.<\/li>\n<li>Oszcz\u0119dno\u015b\u0107 w por\u00f3wnaniu z cenami za pojedyncze bilety.<\/li>\n<li>Gwarancja sta\u0142ej ceny.<\/li>\n<li>Wyb\u00f3r dowolnego dost\u0119pnego miejsca na stadionie w tej samej strefie cenowej lub ni\u017cszej.<\/li>\n<li>Rezygnacja w dowolnym momencie po up\u0142ywie pierwszych 6 miesi\u0119cy od daty nabycia subskrypcji.<\/li>\n<li>Mo\u017cliwo\u015b\u0107 zakupu bilet\u00f3w dla znajomych w przedsprzeda\u017cy.<\/li>\n<\/ul>\n<p><strong>Jak dokona\u0107 zakupu subskrypcji<\/strong><\/p>\n<ul>\n<li>wejd\u017a na stron\u0119 bilety.wartapoznan.pl i zaloguj si\u0119 na swoje konto,<\/li>\n<li>wybierz KUP SUBSKRYPCJ\u0118,<\/li>\n<li>wybierz odpowiedni\u0105 dla siebie stref\u0119 cenow\u0105 spo\u015br\u00f3d dost\u0119pnych: SEKTORY ABCD, SEKTORY HIJ,<\/li>\n<li>wprowad\u017a sw\u00f3j numer PESEL i zatwierd\u017a,<\/li>\n<li>zaznacz informacje dotycz\u0105ce cyklicznego obci\u0105\u017cania i tokenizacji karty oraz zaakceptuj regulamin,<\/li>\n<li>przejd\u017a do podsumowania,<\/li>\n<li>wprowad\u017a sw\u00f3j numer telefonu kom\u00f3rkowego,<\/li>\n<li>w systemie PayU podaj dane swojej karty kredytowej, z kt\u00f3rej b\u0119d\u0105 realizowane p\u0142atno\u015bci miesi\u0119czne przez operatora PayU. Twoja karta oraz jej dane zostan\u0105 stokenizowane w celu ich bezpiecznego przechowywania. Zostaniesz r\u00f3wnie\u017c poproszony o podanie numeru telefonu kom\u00f3rkowego, na kt\u00f3ry b\u0119dziesz otrzymywa\u0142 wy\u0142\u0105cznie istotne powiadomienia dotycz\u0105ce Twoich transakcji.<\/li>\n<\/ul>\n<p><strong>Jak post\u0119powa\u0107 po zakupie subskrypcji? Jak odebra\u0107 bilet?<\/strong><\/p>\n<ul>\n<li>na 48 godzin przed rozpocz\u0119ciem sprzeda\u017cy bilet\u00f3w na mecz otrzymasz maila z informacj\u0105, \u017ce w systemie s\u0105 dost\u0119pne do pobrania bilety,<\/li>\n<li>zaloguj si\u0119 na bilety.wartapoznan.pl, wybierz wydarzenie, na kt\u00f3re b\u0119dziesz pobiera\u0142 bilety,<\/li>\n<li>wybierz sektor, rz\u0105d i miejsce w strefie cenowej odpowiadaj\u0105cej zakupionej subskrypcji lub ni\u017cszej,<\/li>\n<li>przypisz swoje dane do biletu i zaznacz \u201eSubskrypcja 0 z\u0142\u201d,<\/li>\n<li>zaznacz spos\u00f3b dostarczenia \u201eWydruk samodzielny\u201d,<\/li>\n<li>przejd\u017a do podsumowania transakcji.<\/li>\n<\/ul>\n<p><img loading=\"lazy\" decoding=\"async\" width=\"1200\" height=\"1200\" class=\"aligncenter size-full wp-image-28184\" src=\"https:\/\/wartapoznan.pl\/wp-content\/uploads\/2023\/12\/1200_x_1200_px_cennik_www.jpg\" alt=\"Subskrypcja na bilety Warty Pozna\u0144\" srcset=\"https:\/\/wartapoznan.pl\/wp-content\/uploads\/2023\/12\/1200_x_1200_px_cennik_www.jpg 1200w, https:\/\/wartapoznan.pl\/wp-content\/uploads\/2023\/12\/1200_x_1200_px_cennik_www-300x300.jpg 300w, https:\/\/wartapoznan.pl\/wp-content\/uploads\/2023\/12\/1200_x_1200_px_cennik_www-128x128.jpg 128w, https:\/\/wartapoznan.pl\/wp-content\/uploads\/2023\/12\/1200_x_1200_px_cennik_www-32x32.jpg 32w\" sizes=\"(max-width: 1200px) 100vw, 1200px\" \/><\/p>\n<p>Masz pytania na temat subskrypcji? Odpowiedzi na nie znajdziesz <a href=\"https:\/\/bilety.wartapoznan.pl\/CMS?page=subskrypcja-faq\" target=\"_blank\" rel=\"noopener\">TUTAJ<\/a><\/p>\n","protected":false},"excerpt":{"rendered":"<p>Korzystasz z Netfliksa, Spotify lub innych us\u0142ug streamingowych? Teraz na podobnej zasadzie mo\u017cesz naby\u0107 subskrypcj\u0119 na mecze Warty Pozna\u0144. Zakup&#8230;<\/p>\n","protected":false},"author":36,"featured_media":28183,"parent":0,"menu_order":0,"comment_status":"closed","ping_status":"closed","template":"","meta":{"om_disable_all_campaigns":false,"inline_featured_image":false,"footnotes":"","_links_to":"","_links_to_target":""},"categories":[],"tags":[],"aioseo_notices":[],"_links":{"self":[{"href":"https:\/\/wartapoznan.pl\/index.php\/wp-json\/wp\/v2\/pages\/28203"}],"collection":[{"href":"https:\/\/wartapoznan.pl\/index.php\/wp-json\/wp\/v2\/pages"}],"about":[{"href":"https:\/\/wartapoznan.pl\/index.php\/wp-json\/wp\/v2\/types\/page"}],"author":[{"embeddable":true,"href":"https:\/\/wartapoznan.pl\/index.php\/wp-json\/wp\/v2\/users\/36"}],"replies":[{"embeddable":true,"href":"https:\/\/wartapoznan.pl\/index.php\/wp-json\/wp\/v2\/comments?post=28203"}],"version-history":[{"count":2,"href":"https:\/\/wartapoznan.pl\/index.php\/wp-json\/wp\/v2\/pages\/28203\/revisions"}],"predecessor-version":[{"id":28205,"href":"https:\/\/wartapoznan.pl\/index.php\/wp-json\/wp\/v2\/pages\/28203\/revisions\/28205"}],"wp:featuredmedia":[{"embeddable":true,"href":"https:\/\/wartapoznan.pl\/index.php\/wp-json\/wp\/v2\/media\/28183"}],"wp:attachment":[{"href":"https:\/\/wartapoznan.pl\/index.php\/wp-json\/wp\/v2\/media?parent=28203"}],"wp:term":[{"taxonomy":"category","embeddable":true,"href":"https:\/\/wartapoznan.pl\/index.php\/wp-json\/wp\/v2\/categories?post=28203"},{"taxonomy":"post_tag","embeddable":true,"href":"https:\/\/wartapoznan.pl\/index.php\/wp-json\/wp\/v2\/tags?post=28203"}],"curies":[{"name":"wp","href":"https:\/\/api.w.org\/{rel}","templated":true}]}}