{"id":28290,"date":"2024-01-10T16:39:20","date_gmt":"2024-01-10T15:39:20","guid":{"rendered":"https:\/\/wartapoznan.pl\/?page_id=28290"},"modified":"2024-06-17T11:47:36","modified_gmt":"2024-06-17T09:47:36","slug":"aleja-warciarzy","status":"publish","type":"page","link":"https:\/\/wartapoznan.pl\/index.php\/aleja-warciarzy\/","title":{"rendered":"Aleja Warciarzy"},"content":{"rendered":"<p>[vc_row][vc_column][vc_row_inner][vc_column_inner][vc_empty_space height=&#8221;45px&#8221;][\/vc_column_inner][\/vc_row_inner][\/vc_column][\/vc_row][vc_row][vc_column width=&#8221;1\/3&#8243;][vc_column_text]<\/p>\n<h3 style=\"text-align: center;\">Franciszek Szyc<\/h3>\n<p style=\"text-align: center;\">za\u0142o\u017cyciel Warty Pozna\u0144<\/p>\n<p>[\/vc_column_text][vc_single_image image=&#8221;30143&#8243; img_size=&#8221;medium&#8221; alignment=&#8221;center&#8221;][vc_btn title=&#8221;Wi\u0119cej&#8221; color=&#8221;success&#8221; align=&#8221;center&#8221; i_align=&#8221;right&#8221; i_icon_fontawesome=&#8221;fa fa-caret-right&#8221; add_icon=&#8221;true&#8221; link=&#8221;url:https%3A%2F%2Fwartapoznan.pl%2Findex.php%2Faleja-warciarzy%2Ffranciszek-szyc%2F|||&#8221;][\/vc_column][vc_column width=&#8221;1\/3&#8243;][vc_column_text]<\/p>\n<h3 style=\"text-align: center;\">Edmund Szyc<\/h3>\n<p style=\"text-align: center;\">za\u0142o\u017cyciel Warty Pozna\u0144<\/p>\n<p>[\/vc_column_text][vc_single_image image=&#8221;30147&#8243; img_size=&#8221;medium&#8221; alignment=&#8221;center&#8221;][vc_btn title=&#8221;Wi\u0119cej&#8221; color=&#8221;success&#8221; align=&#8221;center&#8221; i_align=&#8221;right&#8221; i_icon_fontawesome=&#8221;fa fa-caret-right&#8221; add_icon=&#8221;true&#8221; link=&#8221;url:https%3A%2F%2Fwartapoznan.pl%2Findex.php%2Faleja-warciarzy%2Fedmund-szyc%2F|||&#8221;][\/vc_column][vc_column width=&#8221;1\/3&#8243;][vc_column_text]<\/p>\n<h3 style=\"text-align: center;\">Stefan Malinowski<\/h3>\n<p style=\"text-align: center;\">za\u0142o\u017cyciel Warty Pozna\u0144<\/p>\n<p>[\/vc_column_text][vc_single_image image=&#8221;30218&#8243; img_size=&#8221;medium&#8221; alignment=&#8221;center&#8221;][vc_btn title=&#8221;Wi\u0119cej&#8221; color=&#8221;success&#8221; align=&#8221;center&#8221; i_align=&#8221;right&#8221; i_icon_fontawesome=&#8221;fa fa-caret-right&#8221; add_icon=&#8221;true&#8221; link=&#8221;url:https%3A%2F%2Fwartapoznan.pl%2Findex.php%2Faleja-warciarzy%2Fstefan-malinowski%2F|||&#8221;][\/vc_column][\/vc_row][vc_row][vc_column][vc_empty_space height=&#8221;45px&#8221;][\/vc_column][vc_column width=&#8221;1\/3&#8243;][vc_column_text]<\/p>\n<h3 style=\"text-align: center;\">Marian Beym<\/h3>\n<p style=\"text-align: center;\">za\u0142o\u017cyciel Warty Pozna\u0144<\/p>\n<p>[\/vc_column_text][vc_single_image image=&#8221;30204&#8243; img_size=&#8221;medium&#8221; alignment=&#8221;center&#8221;][vc_btn title=&#8221;Wi\u0119cej&#8221; color=&#8221;success&#8221; align=&#8221;center&#8221; i_align=&#8221;right&#8221; i_icon_fontawesome=&#8221;fa fa-caret-right&#8221; add_icon=&#8221;true&#8221; link=&#8221;url:https%3A%2F%2Fwartapoznan.pl%2Findex.php%2Faleja-warciarzy%2Fmarian-beym%2F|||&#8221;][\/vc_column][vc_column width=&#8221;1\/3&#8243;][vc_column_text]<\/p>\n<h3 style=\"text-align: center;\">Stefan M\u00f3rkowski<\/h3>\n<p style=\"text-align: center;\">za\u0142o\u017cyciel Warty Pozna\u0144<\/p>\n<p>[\/vc_column_text][vc_single_image image=&#8221;30221&#8243; img_size=&#8221;medium&#8221; alignment=&#8221;center&#8221;][vc_btn title=&#8221;Wi\u0119cej&#8221; color=&#8221;success&#8221; align=&#8221;center&#8221; i_align=&#8221;right&#8221; i_icon_fontawesome=&#8221;fa fa-caret-right&#8221; add_icon=&#8221;true&#8221; link=&#8221;url:https%3A%2F%2Fwartapoznan.pl%2Findex.php%2Faleja-warciarzy%2Fstefan-morkowski%2F|||&#8221;][\/vc_column][vc_column width=&#8221;1\/3&#8243;][vc_column_text]<\/p>\n<h3 style=\"text-align: center;\">Kazimierz \u015awiderski<\/h3>\n<p style=\"text-align: center;\">za\u0142o\u017cyciel Warty Pozna\u0144<\/p>\n<p>[\/vc_column_text][vc_single_image image=&#8221;30196&#8243; img_size=&#8221;medium&#8221; alignment=&#8221;center&#8221;][vc_btn title=&#8221;Wi\u0119cej&#8221; color=&#8221;success&#8221; align=&#8221;center&#8221; i_align=&#8221;right&#8221; i_icon_fontawesome=&#8221;fa fa-caret-right&#8221; add_icon=&#8221;true&#8221; link=&#8221;url:https%3A%2F%2Fwartapoznan.pl%2Findex.php%2Faleja-warciarzy%2Fwawrzyniec-stalinski%2F|||&#8221;][\/vc_column][\/vc_row][vc_row][vc_column][vc_empty_space][\/vc_column][\/vc_row][vc_row][vc_column width=&#8221;1\/3&#8243;][vc_column_text]<\/p>\n<h3 style=\"text-align: center;\">Ludwik Zysnarski<\/h3>\n<p style=\"text-align: center;\">za\u0142o\u017cyciel Warty Pozna\u0144<\/p>\n<p>[\/vc_column_text][vc_single_image image=&#8221;30202&#8243; img_size=&#8221;medium&#8221; alignment=&#8221;center&#8221;][vc_btn title=&#8221;Wi\u0119cej&#8221; color=&#8221;success&#8221; align=&#8221;center&#8221; i_align=&#8221;right&#8221; i_icon_fontawesome=&#8221;fa fa-caret-right&#8221; add_icon=&#8221;true&#8221; link=&#8221;url:https%3A%2F%2Fwartapoznan.pl%2Findex.php%2Faleja-warciarzy%2Fludwik-zysnarski%2F|||&#8221;][\/vc_column][vc_column width=&#8221;1\/3&#8243;][vc_column_text]<\/p>\n<h3 style=\"text-align: center;\">Micha\u0142 Flieger<\/h3>\n<p style=\"text-align: center;\">mistrz Polski z 1929 roku<\/p>\n<p>[\/vc_column_text][vc_single_image image=&#8221;30215&#8243; img_size=&#8221;full&#8221; alignment=&#8221;center&#8221;][vc_btn title=&#8221;Wi\u0119cej&#8221; color=&#8221;success&#8221; align=&#8221;center&#8221; i_align=&#8221;right&#8221; i_icon_fontawesome=&#8221;fa fa-caret-right&#8221; add_icon=&#8221;true&#8221; link=&#8221;url:https%3A%2F%2Fwartapoznan.pl%2Findex.php%2Faleja-warciarzy%2Fmichal-flieger%2F|||&#8221;][\/vc_column][vc_column width=&#8221;1\/3&#8243;][vc_column_text]<\/p>\n<h3 style=\"text-align: center;\">Marian Fontowicz<\/h3>\n<p style=\"text-align: center;\">mistrz Polski z 1929 roku<\/p>\n<p>[\/vc_column_text][vc_single_image image=&#8221;30209&#8243; img_size=&#8221;medium&#8221; alignment=&#8221;center&#8221;][vc_btn title=&#8221;Wi\u0119cej&#8221; color=&#8221;success&#8221; align=&#8221;center&#8221; i_align=&#8221;right&#8221; i_icon_fontawesome=&#8221;fa fa-caret-right&#8221; add_icon=&#8221;true&#8221; link=&#8221;url:https%3A%2F%2Fwartapoznan.pl%2Findex.php%2Faleja-warciarzy%2Fmarian-fontowicz%2F|||&#8221;][\/vc_column][\/vc_row][vc_row][vc_column][vc_empty_space][\/vc_column][\/vc_row][vc_row][vc_column width=&#8221;1\/3&#8243;][vc_column_text]<\/p>\n<h3 style=\"text-align: center;\">Adam Knio\u0142a<\/h3>\n<p style=\"text-align: center;\">mistrz Polski z 1929 roku<\/p>\n<p>[\/vc_column_text][vc_single_image image=&#8221;30180&#8243; img_size=&#8221;medium&#8221; alignment=&#8221;center&#8221;][vc_btn title=&#8221;Wi\u0119cej&#8221; color=&#8221;success&#8221; align=&#8221;center&#8221; i_align=&#8221;right&#8221; i_icon_fontawesome=&#8221;fa fa-caret-right&#8221; add_icon=&#8221;true&#8221; link=&#8221;url:https%3A%2F%2Fwartapoznan.pl%2Findex.php%2Faleja-warciarzy%2Fadam-kniola%2F|||&#8221;][\/vc_column][vc_column width=&#8221;1\/3&#8243;][vc_column_text]<\/p>\n<h3 style=\"text-align: center;\">Henryk Nowicki<\/h3>\n<p style=\"text-align: center;\">mistrz Polski z 1929 roku<\/p>\n<p>[\/vc_column_text][vc_single_image image=&#8221;30191&#8243; img_size=&#8221;medium&#8221; alignment=&#8221;center&#8221;][vc_btn title=&#8221;Wi\u0119cej&#8221; color=&#8221;success&#8221; align=&#8221;center&#8221; i_align=&#8221;right&#8221; i_icon_fontawesome=&#8221;fa fa-caret-right&#8221; add_icon=&#8221;true&#8221; link=&#8221;url:https%3A%2F%2Fwartapoznan.pl%2Findex.php%2Faleja-warciarzy%2Fhenryk-nowicki%2F|||&#8221;][\/vc_column][vc_column width=&#8221;1\/3&#8243;][vc_column_text]<\/p>\n<h3 style=\"text-align: center;\">W\u0142adys\u0142aw Przybysz<\/h3>\n<p style=\"text-align: center;\">mistrz Polski z 1929 roku<\/p>\n<p>[\/vc_column_text][vc_single_image image=&#8221;30227&#8243; img_size=&#8221;medium&#8221; alignment=&#8221;center&#8221;][vc_btn title=&#8221;Wi\u0119cej&#8221; color=&#8221;success&#8221; align=&#8221;center&#8221; i_align=&#8221;right&#8221; i_icon_fontawesome=&#8221;fa fa-caret-right&#8221; add_icon=&#8221;true&#8221; link=&#8221;url:https%3A%2F%2Fwartapoznan.pl%2Findex.php%2Faleja-warciarzy%2Fwladyslaw-przybysz%2F|||&#8221;][\/vc_column][\/vc_row][vc_row][vc_column][vc_empty_space][\/vc_column][\/vc_row][vc_row][vc_column width=&#8221;1\/3&#8243;][vc_column_text]<\/p>\n<h3 style=\"text-align: center;\">Witold Przykucki<\/h3>\n<p style=\"text-align: center;\">mistrz Polski z 1929 roku<\/p>\n<p>[\/vc_column_text][vc_single_image image=&#8221;30225&#8243; img_size=&#8221;medium&#8221; alignment=&#8221;center&#8221;][vc_btn title=&#8221;Wi\u0119cej&#8221; color=&#8221;success&#8221; align=&#8221;center&#8221; i_align=&#8221;right&#8221; i_icon_fontawesome=&#8221;fa fa-caret-right&#8221; add_icon=&#8221;true&#8221; link=&#8221;url:https%3A%2F%2Fwartapoznan.pl%2Findex.php%2Faleja-warciarzy%2Fwitold-przykucki%2F|||&#8221;][\/vc_column][vc_column width=&#8221;1\/3&#8243;][vc_column_text]<\/p>\n<h3 style=\"text-align: center;\">Leon Radojewski<\/h3>\n<p style=\"text-align: center;\">mistrz Polski z 1929 roku<\/p>\n<p>[\/vc_column_text][vc_single_image image=&#8221;30199&#8243; img_size=&#8221;medium&#8221; alignment=&#8221;center&#8221;][vc_btn title=&#8221;Wi\u0119cej&#8221; color=&#8221;success&#8221; align=&#8221;center&#8221; i_align=&#8221;right&#8221; i_icon_fontawesome=&#8221;fa fa-caret-right&#8221; add_icon=&#8221;true&#8221; link=&#8221;url:https%3A%2F%2Fwartapoznan.pl%2Findex.php%2Faleja-warciarzy%2Fleon-radojewski%2F|||&#8221;][\/vc_column][vc_column width=&#8221;1\/3&#8243;][vc_column_text]<\/p>\n<h3 style=\"text-align: center;\">Edmund Rochowicz<\/h3>\n<p style=\"text-align: center;\">mistrz Polski z 1929 roku<\/p>\n<p>[\/vc_column_text][vc_single_image image=&#8221;30182&#8243; img_size=&#8221;medium&#8221; alignment=&#8221;center&#8221;][vc_btn title=&#8221;Wi\u0119cej&#8221; color=&#8221;success&#8221; align=&#8221;center&#8221; i_align=&#8221;right&#8221; i_icon_fontawesome=&#8221;fa fa-caret-right&#8221; add_icon=&#8221;true&#8221; link=&#8221;url:https%3A%2F%2Fwartapoznan.pl%2Findex.php%2Faleja-warciarzy%2Fedmund-rochowicz%2F|||&#8221;][\/vc_column][\/vc_row][vc_row][vc_column][vc_empty_space][\/vc_column][\/vc_row][vc_row][vc_column width=&#8221;1\/3&#8243;][vc_column_text]<\/p>\n<h3 style=\"text-align: center;\">Fryderyk Scherfke<\/h3>\n<p style=\"text-align: center;\">mistrz Polski z 1929 roku<\/p>\n<p>[\/vc_column_text][vc_single_image image=&#8221;30187&#8243; img_size=&#8221;medium&#8221; alignment=&#8221;center&#8221;][vc_btn title=&#8221;Wi\u0119cej&#8221; color=&#8221;success&#8221; align=&#8221;center&#8221; i_align=&#8221;right&#8221; i_icon_fontawesome=&#8221;fa fa-caret-right&#8221; add_icon=&#8221;true&#8221; link=&#8221;url:https%3A%2F%2Fwartapoznan.pl%2Findex.php%2Faleja-warciarzy%2Ffryderyk-scherfke%2F|||&#8221;][\/vc_column][vc_column width=&#8221;1\/3&#8243;][vc_column_text]<\/p>\n<h3 style=\"text-align: center;\">Wawrzyniec Stali\u0144ski<\/h3>\n<p style=\"text-align: center;\">mistrz Polski z 1929 roku<\/p>\n<p>[\/vc_column_text][vc_single_image image=&#8221;30223&#8243; img_size=&#8221;medium&#8221; alignment=&#8221;center&#8221;][vc_btn title=&#8221;Wi\u0119cej&#8221; color=&#8221;success&#8221; align=&#8221;center&#8221; i_align=&#8221;right&#8221; i_icon_fontawesome=&#8221;fa fa-caret-right&#8221; add_icon=&#8221;true&#8221; link=&#8221;url:https%3A%2F%2Fwartapoznan.pl%2Findex.php%2Faleja-warciarzy%2Fwawrzyniec-stalinski%2F|||&#8221;][\/vc_column][vc_column width=&#8221;1\/3&#8243;][vc_column_text]<\/p>\n<h3 style=\"text-align: center;\">Marian \u015amiglak<\/h3>\n<p style=\"text-align: center;\">mistrz Polski z 1929 roku<\/p>\n<p>[\/vc_column_text][vc_single_image image=&#8221;30212&#8243; img_size=&#8221;medium&#8221; alignment=&#8221;center&#8221;][vc_btn title=&#8221;Wi\u0119cej&#8221; color=&#8221;success&#8221; align=&#8221;center&#8221; i_align=&#8221;right&#8221; i_icon_fontawesome=&#8221;fa fa-caret-right&#8221; add_icon=&#8221;true&#8221; link=&#8221;url:https%3A%2F%2Fwartapoznan.pl%2Findex.php%2Faleja-warciarzy%2Fmarian-smiglak%2F|||&#8221;][\/vc_column][\/vc_row][vc_row][vc_column][vc_empty_space][\/vc_column][\/vc_row][vc_row][vc_column width=&#8221;1\/3&#8243;][vc_column_text]<\/p>\n<h3 style=\"text-align: center;\">Jan Wojciechowski<\/h3>\n<p style=\"text-align: center;\">mistrz Polski z 1929 roku<\/p>\n<p>[\/vc_column_text][vc_single_image image=&#8221;30193&#8243; img_size=&#8221;medium&#8221; alignment=&#8221;center&#8221;][vc_btn title=&#8221;Wi\u0119cej&#8221; color=&#8221;success&#8221; align=&#8221;center&#8221; i_align=&#8221;right&#8221; i_icon_fontawesome=&#8221;fa fa-caret-right&#8221; add_icon=&#8221;true&#8221; link=&#8221;url:https%3A%2F%2Fwartapoznan.pl%2Findex.php%2Faleja-warciarzy%2Fjan-wojciechowski%2F|||&#8221;][\/vc_column][vc_column width=&#8221;1\/3&#8243;][\/vc_column][vc_column width=&#8221;1\/3&#8243;][\/vc_column][\/vc_row][vc_row][vc_column][vc_empty_space][\/vc_column][\/vc_row]<\/p>\n","protected":false},"excerpt":{"rendered":"<p>[vc_row][vc_column][vc_row_inner][vc_column_inner][vc_empty_space height=&#8221;45px&#8221;][\/vc_column_inner][\/vc_row_inner][\/vc_column][\/vc_row][vc_row][vc_column width=&#8221;1\/3&#8243;][vc_column_text] Franciszek Szyc za\u0142o\u017cyciel Warty Pozna\u0144 [\/vc_column_text][vc_single_image image=&#8221;30143&#8243; img_size=&#8221;medium&#8221; alignment=&#8221;center&#8221;][vc_btn title=&#8221;Wi\u0119cej&#8221; color=&#8221;success&#8221; align=&#8221;center&#8221; i_align=&#8221;right&#8221; i_icon_fontawesome=&#8221;fa fa-caret-right&#8221; add_icon=&#8221;true&#8221; link=&#8221;url:https%3A%2F%2Fwartapoznan.pl%2Findex.php%2Faleja-warciarzy%2Ffranciszek-szyc%2F|||&#8221;][\/vc_column][vc_column&#8230;<\/p>\n","protected":false},"author":36,"featured_media":0,"parent":0,"menu_order":0,"comment_status":"closed","ping_status":"closed","template":"","meta":{"om_disable_all_campaigns":false,"inline_featured_image":false,"footnotes":"","_links_to":"","_links_to_target":""},"categories":[],"tags":[],"aioseo_notices":[],"_links":{"self":[{"href":"https:\/\/wartapoznan.pl\/index.php\/wp-json\/wp\/v2\/pages\/28290"}],"collection":[{"href":"https:\/\/wartapoznan.pl\/index.php\/wp-json\/wp\/v2\/pages"}],"about":[{"href":"https:\/\/wartapoznan.pl\/index.php\/wp-json\/wp\/v2\/types\/page"}],"author":[{"embeddable":true,"href":"https:\/\/wartapoznan.pl\/index.php\/wp-json\/wp\/v2\/users\/36"}],"replies":[{"embeddable":true,"href":"https:\/\/wartapoznan.pl\/index.php\/wp-json\/wp\/v2\/comments?post=28290"}],"version-history":[{"count":43,"href":"https:\/\/wartapoznan.pl\/index.php\/wp-json\/wp\/v2\/pages\/28290\/revisions"}],"predecessor-version":[{"id":30278,"href":"https:\/\/wartapoznan.pl\/index.php\/wp-json\/wp\/v2\/pages\/28290\/revisions\/30278"}],"wp:attachment":[{"href":"https:\/\/wartapoznan.pl\/index.php\/wp-json\/wp\/v2\/media?parent=28290"}],"wp:term":[{"taxonomy":"category","embeddable":true,"href":"https:\/\/wartapoznan.pl\/index.php\/wp-json\/wp\/v2\/categories?post=28290"},{"taxonomy":"post_tag","embeddable":true,"href":"https:\/\/wartapoznan.pl\/index.php\/wp-json\/wp\/v2\/tags?post=28290"}],"curies":[{"name":"wp","href":"https:\/\/api.w.org\/{rel}","templated":true}]}}