{"id":28298,"date":"2024-01-10T17:06:34","date_gmt":"2024-01-10T16:06:34","guid":{"rendered":"https:\/\/wartapoznan.pl\/?page_id=28298"},"modified":"2024-06-14T12:52:28","modified_gmt":"2024-06-14T10:52:28","slug":"marian-beym","status":"publish","type":"page","link":"https:\/\/wartapoznan.pl\/index.php\/aleja-warciarzy\/marian-beym\/","title":{"rendered":"Marian Beym"},"content":{"rendered":"<p><strong>MARIAN BEYM<\/strong><\/p>\n<p><strong>ur. 2.12.1894 \u2013 zm. 09.1939<\/strong><\/p>\n<p><img loading=\"lazy\" decoding=\"async\" width=\"562\" height=\"708\" class=\"alignnone  wp-image-30204\" src=\"https:\/\/wartapoznan.pl\/wp-content\/uploads\/2024\/06\/Marian-Beym.png\" alt=\"Marian Beym - za\u0142o\u017cyciel Warty Pozna\u0144\" srcset=\"https:\/\/wartapoznan.pl\/wp-content\/uploads\/2024\/06\/Marian-Beym.png 562w, https:\/\/wartapoznan.pl\/wp-content\/uploads\/2024\/06\/Marian-Beym-238x300.png 238w, https:\/\/wartapoznan.pl\/wp-content\/uploads\/2024\/06\/Marian-Beym-102x128.png 102w, https:\/\/wartapoznan.pl\/wp-content\/uploads\/2024\/06\/Marian-Beym-25x32.png 25w\" sizes=\"(max-width: 562px) 100vw, 562px\" \/><\/p>\n<p>Za\u0142o\u017cyciel i pierwszy kapitan sportowy Warty Pozna\u0144. S\u0119dzia pi\u0142karski. Powstaniec Wielkopolski, uczestnik III powstania \u015bl\u0105skiego.<\/p>\n<p>Jako 17-latek by\u0142 w gronie siedmiu za\u0142o\u017cycieli Warty Pozna\u0144, pierwszego polskiego klubu pi\u0142karskiego w mie\u015bcie. Wcze\u015bniej wyst\u0119powa\u0142 jako zawodnik w niemieckiej Britannii. W Warcie przypad\u0142a mu rola kapitana sportowego. Co ciekawe, rok p\u00f3\u017aniej w 1913 roku by\u0142 pomys\u0142odawc\u0105 stworzenia sekcji tenisowej Warty i zosta\u0142 jej sekretarzem. P\u00f3\u017aniej by\u0142 tak\u017ce kierownikiem tej sekcji.<\/p>\n<p>Jako pi\u0142karz uczestnik pierwszego, historycznego meczu \u201eZielonych\u201d \u2013 wygranego 9:2 z pozna\u0144sk\u0105 Herth\u0105 18 sierpnia 1912 roku. Tworzy\u0142 w\u00f3wczas par\u0119 obro\u0144c\u00f3w z Franciszkiem Szycem, mimo \u017ce zazwyczaj gra\u0142 jako napastnik. Jako zawodnik Warty Pozna\u0144 gra\u0142 w mistrzostwach Wielkopolski w latach 1913 oraz 1914 i dwukrotnie zdobywa\u0142 z dru\u017cyn\u0105 tytu\u0142 mistrzowski. W listopadzie 1913 roku wyst\u0105pi\u0142 w dw\u00f3ch pierwszych meczach pi\u0142karskiej reprezentacji Wielkopolski przeciwko Wi\u015ble Krak\u00f3w. Karier\u0119 zawodnicz\u0105 zako\u0144czy\u0142 w 1919 roku i zosta\u0142 s\u0119dzi\u0105 pi\u0142karskim. Prowadzi\u0142 m.in. mecze w fina\u0142ach mistrzostw Polski w 1922 roku. W latach 1920-22 by\u0142 Przewodnicz\u0105cym Wydzia\u0142u Spraw S\u0119dziowskich Pozna\u0144skiego OZPN. Po tym, jak zosta\u0142 s\u0142u\u017cbowo przeniesiony do Katowic, dzia\u0142a\u0142 r\u00f3wnie\u017c w strukturach G\u00f3rno\u015bl\u0105skiego OZPN. By\u0142 delegatem na zjazd PZPN w 1924 roku.<\/p>\n<p>Z ramienia Warty Pozna\u0144 Marian Beym wzi\u0105\u0142 udzia\u0142 w zebraniu za\u0142o\u017cycielskim Zwi\u0105zku Polskich Towarzystw Sportowych w styczniu 1913 roku. Jak informowa\u0142 pozna\u0144ski \u201eOr\u0119downik\u201d: <em>\u201eZwi\u0105zek ten ma na celu z\u0142\u0105czenie wszystkich polskich sportowc\u00f3w \u017cyj\u0105cych w Niemczech i przez wsp\u00f3lne \u0107wiczenia i zawody wydoskonali\u0107 ich w technice gry w pi\u0142k\u0119 no\u017cn\u0105 i pi\u0119st\u00f3wk\u0119<\/em> [gra przypominaj\u0105ca nieco dzisiejsz\u0105 siatk\u00f3wk\u0119]\u201d. P\u00f3\u017aniej, od stycznia do kwietnia 1914 roku Marian Beym by\u0142 prezesem ZPTS.<\/p>\n<p>Podobnie jak wielu innych sportowc\u00f3w Warty Pozna\u0144, Marian Beym zosta\u0142 powo\u0142any do armii pruskiej. W czasie I wojny \u015bwiatowej pe\u0142ni\u0142 s\u0142u\u017cb\u0119 w oddziale mobilizacyjnym i pomaga\u0142 w\u00f3wczas dezerterom uciec poza granice Rzeszy. Walczy\u0142 w powstaniu wielkopolskim oraz III powstaniu \u015bl\u0105skim w 1921 roku.<\/p>\n<p>Nie jest znana dok\u0142adna data \u015bmierci Mariana Beyma. Wiadomo jedynie, \u017ce uczestniczy\u0142 w kampanii wrze\u015bniowej 1939 roku i nie wr\u00f3ci\u0142 z wojny.<\/p>\n<p><em>fot. archiwum Klubu<\/em><\/p>\n","protected":false},"excerpt":{"rendered":"<p>MARIAN BEYM ur. 2.12.1894 \u2013 zm. 09.1939 Za\u0142o\u017cyciel i pierwszy kapitan sportowy Warty Pozna\u0144. S\u0119dzia pi\u0142karski. Powstaniec Wielkopolski, uczestnik III&#8230;<\/p>\n","protected":false},"author":36,"featured_media":0,"parent":28290,"menu_order":0,"comment_status":"closed","ping_status":"closed","template":"","meta":{"om_disable_all_campaigns":false,"inline_featured_image":false,"footnotes":"","_links_to":"","_links_to_target":""},"categories":[],"tags":[],"aioseo_notices":[],"_links":{"self":[{"href":"https:\/\/wartapoznan.pl\/index.php\/wp-json\/wp\/v2\/pages\/28298"}],"collection":[{"href":"https:\/\/wartapoznan.pl\/index.php\/wp-json\/wp\/v2\/pages"}],"about":[{"href":"https:\/\/wartapoznan.pl\/index.php\/wp-json\/wp\/v2\/types\/page"}],"author":[{"embeddable":true,"href":"https:\/\/wartapoznan.pl\/index.php\/wp-json\/wp\/v2\/users\/36"}],"replies":[{"embeddable":true,"href":"https:\/\/wartapoznan.pl\/index.php\/wp-json\/wp\/v2\/comments?post=28298"}],"version-history":[{"count":4,"href":"https:\/\/wartapoznan.pl\/index.php\/wp-json\/wp\/v2\/pages\/28298\/revisions"}],"predecessor-version":[{"id":30206,"href":"https:\/\/wartapoznan.pl\/index.php\/wp-json\/wp\/v2\/pages\/28298\/revisions\/30206"}],"up":[{"embeddable":true,"href":"https:\/\/wartapoznan.pl\/index.php\/wp-json\/wp\/v2\/pages\/28290"}],"wp:attachment":[{"href":"https:\/\/wartapoznan.pl\/index.php\/wp-json\/wp\/v2\/media?parent=28298"}],"wp:term":[{"taxonomy":"category","embeddable":true,"href":"https:\/\/wartapoznan.pl\/index.php\/wp-json\/wp\/v2\/categories?post=28298"},{"taxonomy":"post_tag","embeddable":true,"href":"https:\/\/wartapoznan.pl\/index.php\/wp-json\/wp\/v2\/tags?post=28298"}],"curies":[{"name":"wp","href":"https:\/\/api.w.org\/{rel}","templated":true}]}}