{"id":28308,"date":"2024-01-10T17:16:51","date_gmt":"2024-01-10T16:16:51","guid":{"rendered":"https:\/\/wartapoznan.pl\/?page_id=28308"},"modified":"2024-06-14T12:59:21","modified_gmt":"2024-06-14T10:59:21","slug":"marian-smiglak","status":"publish","type":"page","link":"https:\/\/wartapoznan.pl\/index.php\/aleja-warciarzy\/marian-smiglak\/","title":{"rendered":"Marian \u015amiglak"},"content":{"rendered":"<p><strong>MARIAN \u015aMIGLAK<\/strong><\/p>\n<p><strong>ur. 14.01.1902 \u2013 zm. 03.12.1952<\/strong><\/p>\n<p><img loading=\"lazy\" decoding=\"async\" width=\"140\" height=\"160\" class=\"alignnone size-full wp-image-30212\" src=\"https:\/\/wartapoznan.pl\/wp-content\/uploads\/2024\/06\/marian_smiglak.jpeg\" alt=\"Marian \u015amiglak - pi\u0142karz Warty Pozna\u0144\" srcset=\"https:\/\/wartapoznan.pl\/wp-content\/uploads\/2024\/06\/marian_smiglak.jpeg 140w, https:\/\/wartapoznan.pl\/wp-content\/uploads\/2024\/06\/marian_smiglak-112x128.jpeg 112w, https:\/\/wartapoznan.pl\/wp-content\/uploads\/2024\/06\/marian_smiglak-28x32.jpeg 28w\" sizes=\"(max-width: 140px) 100vw, 140px\" \/><\/p>\n<p>Pi\u0142karz Warty Pozna\u0144, mistrz Polski z 1929 roku. W mistrzowskim sezonie: 22 wyst\u0119py. Kapitan dru\u017cyny w sezonie 1929.<\/p>\n<p>Zanim w 1924 roku trafi\u0142 do Warty Pozna\u0144, by\u0142 zawodnikiem Posnanii oraz Pogoni Pozna\u0144. Ju\u017c w drugim sezonie zosta\u0142 zdoby\u0142 z \u201eZielonymi\u201d srebrny medal mistrzostw Polski. Kolejny Warta Pozna\u0144 wywalczy\u0142a w 1928 roku, a w mi\u0119dzyczasie (sezony 1926 i 1927) poznaniacy si\u0119gali jeszcze po br\u0105zowe medale.<\/p>\n<p>Ukoronowaniem kariery Mariana \u015amiglaka w Warcie Pozna\u0144 by\u0142o zdobycie tytu\u0142u mistrzowskiego w 1929 roku. W barwach najstarszego klubu pi\u0142karskiego stolicy Wielkopolski gra\u0142 jeszcze do 1931 roku. \u0141\u0105cznie zaliczy\u0142 84 ligowe wyst\u0119py.<\/p>\n<p>Pochodzi\u0142 z pi\u0142karskiej rodziny. Starszy brat, Stanis\u0142aw \u015amiglak gra\u0142 w Pogoni Pozna\u0144, a m\u0142odszy, Kazimierz wyst\u0119powa\u0142 p\u00f3\u017aniej w Warcie Pozna\u0144. W 1931 roku Kazimierz \u015amiglak zosta\u0142 najm\u0142odszym trenerem, kt\u00f3ry poprowadzi\u0142 zesp\u00f3\u0142 w Ekstraklasie. Mia\u0142 w\u00f3wczas zaledwie 21 lat. To rekord niepobity do dzi\u015b.<\/p>\n<p><em>fot. archiwum Klubu<\/em><\/p>\n","protected":false},"excerpt":{"rendered":"<p>MARIAN \u015aMIGLAK ur. 14.01.1902 \u2013 zm. 03.12.1952 Pi\u0142karz Warty Pozna\u0144, mistrz Polski z 1929 roku. W mistrzowskim sezonie: 22 wyst\u0119py&#8230;.<\/p>\n","protected":false},"author":36,"featured_media":0,"parent":28290,"menu_order":0,"comment_status":"closed","ping_status":"closed","template":"","meta":{"om_disable_all_campaigns":false,"inline_featured_image":false,"footnotes":"","_links_to":"","_links_to_target":""},"categories":[],"tags":[],"aioseo_notices":[],"_links":{"self":[{"href":"https:\/\/wartapoznan.pl\/index.php\/wp-json\/wp\/v2\/pages\/28308"}],"collection":[{"href":"https:\/\/wartapoznan.pl\/index.php\/wp-json\/wp\/v2\/pages"}],"about":[{"href":"https:\/\/wartapoznan.pl\/index.php\/wp-json\/wp\/v2\/types\/page"}],"author":[{"embeddable":true,"href":"https:\/\/wartapoznan.pl\/index.php\/wp-json\/wp\/v2\/users\/36"}],"replies":[{"embeddable":true,"href":"https:\/\/wartapoznan.pl\/index.php\/wp-json\/wp\/v2\/comments?post=28308"}],"version-history":[{"count":4,"href":"https:\/\/wartapoznan.pl\/index.php\/wp-json\/wp\/v2\/pages\/28308\/revisions"}],"predecessor-version":[{"id":30214,"href":"https:\/\/wartapoznan.pl\/index.php\/wp-json\/wp\/v2\/pages\/28308\/revisions\/30214"}],"up":[{"embeddable":true,"href":"https:\/\/wartapoznan.pl\/index.php\/wp-json\/wp\/v2\/pages\/28290"}],"wp:attachment":[{"href":"https:\/\/wartapoznan.pl\/index.php\/wp-json\/wp\/v2\/media?parent=28308"}],"wp:term":[{"taxonomy":"category","embeddable":true,"href":"https:\/\/wartapoznan.pl\/index.php\/wp-json\/wp\/v2\/categories?post=28308"},{"taxonomy":"post_tag","embeddable":true,"href":"https:\/\/wartapoznan.pl\/index.php\/wp-json\/wp\/v2\/tags?post=28308"}],"curies":[{"name":"wp","href":"https:\/\/api.w.org\/{rel}","templated":true}]}}