{"id":28310,"date":"2024-01-10T17:19:01","date_gmt":"2024-01-10T16:19:01","guid":{"rendered":"https:\/\/wartapoznan.pl\/?page_id=28310"},"modified":"2024-06-14T13:01:55","modified_gmt":"2024-06-14T11:01:55","slug":"michal-flieger","status":"publish","type":"page","link":"https:\/\/wartapoznan.pl\/index.php\/aleja-warciarzy\/michal-flieger\/","title":{"rendered":"Micha\u0142 Flieger"},"content":{"rendered":"<p><strong>MICHA\u0141 FLIEGER<\/strong><\/p>\n<p><strong>ur. 08.09.1900 \u2013 zm. 04.06.1959<\/strong><\/p>\n<p><img loading=\"lazy\" decoding=\"async\" width=\"2560\" height=\"1733\" class=\"alignnone  wp-image-30215\" src=\"https:\/\/wartapoznan.pl\/wp-content\/uploads\/2024\/06\/zdjecie-grupowe-1-scaled.jpg\" alt=\"Michal Flieger - pi\u0142karz Warty Pozna\u0144\" srcset=\"https:\/\/wartapoznan.pl\/wp-content\/uploads\/2024\/06\/zdjecie-grupowe-1-scaled.jpg 2560w, https:\/\/wartapoznan.pl\/wp-content\/uploads\/2024\/06\/zdjecie-grupowe-1-1536x1040.jpg 1536w, https:\/\/wartapoznan.pl\/wp-content\/uploads\/2024\/06\/zdjecie-grupowe-1-2048x1386.jpg 2048w, https:\/\/wartapoznan.pl\/wp-content\/uploads\/2024\/06\/zdjecie-grupowe-1-300x203.jpg 300w, https:\/\/wartapoznan.pl\/wp-content\/uploads\/2024\/06\/zdjecie-grupowe-1-128x87.jpg 128w, https:\/\/wartapoznan.pl\/wp-content\/uploads\/2024\/06\/zdjecie-grupowe-1-32x22.jpg 32w\" sizes=\"(max-width: 2560px) 100vw, 2560px\" \/><\/p>\n<p><em>Na zdj\u0119ciu: pierwszy z lewej. Fot. Narodowe Archiwum Cyfrowe.<\/em><\/p>\n<p>Pi\u0142karz Warty Pozna\u0144, mistrz Polski z 1929 roku. W mistrzowskim sezonie: 21 wyst\u0119p\u00f3w. Reprezentant Polski.<\/p>\n<p>Pochodzi\u0142 z Piask\u00f3w, w gminie Witkowo, a gr\u0119 w pi\u0142k\u0119 rozpoczyna\u0142 w Goplanii Inowroc\u0142aw. Po przeprowadzce do Poznania wyst\u0119powa\u0142 w Posnanii, z kt\u00f3rej w 1924 roku przeni\u00f3s\u0142 si\u0119 do Warty Pozna\u0144. Reprezentowa\u0142 jej barwy a\u017c do ko\u0144ca kariery w 1935 roku.<\/p>\n<p>By\u0142 obro\u0144c\u0105, wyr\u00f3\u017cniaj\u0105cym si\u0119 do tego stopnia, \u017ce trafi\u0142 do reprezentacji Polski. Zagra\u0142 w niej jednak tylko raz, w sierpniu 1926 roku, gdy \u201eBia\u0142o-czerwoni\u201d rozbili Finlandi\u0119 7:1 na Stadionie Warty przy ul. Rolnej w Poznaniu.<\/p>\n","protected":false},"excerpt":{"rendered":"<p>MICHA\u0141 FLIEGER ur. 08.09.1900 \u2013 zm. 04.06.1959 Na zdj\u0119ciu: pierwszy z lewej. Fot. Narodowe Archiwum Cyfrowe. Pi\u0142karz Warty Pozna\u0144, mistrz&#8230;<\/p>\n","protected":false},"author":36,"featured_media":0,"parent":28290,"menu_order":0,"comment_status":"closed","ping_status":"closed","template":"","meta":{"om_disable_all_campaigns":false,"inline_featured_image":false,"footnotes":"","_links_to":"","_links_to_target":""},"categories":[],"tags":[],"aioseo_notices":[],"_links":{"self":[{"href":"https:\/\/wartapoznan.pl\/index.php\/wp-json\/wp\/v2\/pages\/28310"}],"collection":[{"href":"https:\/\/wartapoznan.pl\/index.php\/wp-json\/wp\/v2\/pages"}],"about":[{"href":"https:\/\/wartapoznan.pl\/index.php\/wp-json\/wp\/v2\/types\/page"}],"author":[{"embeddable":true,"href":"https:\/\/wartapoznan.pl\/index.php\/wp-json\/wp\/v2\/users\/36"}],"replies":[{"embeddable":true,"href":"https:\/\/wartapoznan.pl\/index.php\/wp-json\/wp\/v2\/comments?post=28310"}],"version-history":[{"count":4,"href":"https:\/\/wartapoznan.pl\/index.php\/wp-json\/wp\/v2\/pages\/28310\/revisions"}],"predecessor-version":[{"id":30217,"href":"https:\/\/wartapoznan.pl\/index.php\/wp-json\/wp\/v2\/pages\/28310\/revisions\/30217"}],"up":[{"embeddable":true,"href":"https:\/\/wartapoznan.pl\/index.php\/wp-json\/wp\/v2\/pages\/28290"}],"wp:attachment":[{"href":"https:\/\/wartapoznan.pl\/index.php\/wp-json\/wp\/v2\/media?parent=28310"}],"wp:term":[{"taxonomy":"category","embeddable":true,"href":"https:\/\/wartapoznan.pl\/index.php\/wp-json\/wp\/v2\/categories?post=28310"},{"taxonomy":"post_tag","embeddable":true,"href":"https:\/\/wartapoznan.pl\/index.php\/wp-json\/wp\/v2\/tags?post=28310"}],"curies":[{"name":"wp","href":"https:\/\/api.w.org\/{rel}","templated":true}]}}