{"id":40124,"date":"2024-09-20T16:13:42","date_gmt":"2024-09-20T14:13:42","guid":{"rendered":"https:\/\/wartapoznan.pl\/?page_id=40124"},"modified":"2024-09-20T16:15:44","modified_gmt":"2024-09-20T14:15:44","slug":"trener_przygotowania_motorycznego","status":"publish","type":"page","link":"https:\/\/wartapoznan.pl\/index.php\/trener_przygotowania_motorycznego\/","title":{"rendered":"trener_przygotowania_motorycznego"},"content":{"rendered":"<p>&nbsp;<\/p>\n<p><strong><img loading=\"lazy\" decoding=\"async\" width=\"1440\" height=\"1800\" class=\"alignnone size-full wp-image-40126\" src=\"https:\/\/wartapoznan.pl\/wp-content\/uploads\/2024\/09\/Praca_Akademia.png\" alt=\"\" srcset=\"https:\/\/wartapoznan.pl\/wp-content\/uploads\/2024\/09\/Praca_Akademia.png 1440w, https:\/\/wartapoznan.pl\/wp-content\/uploads\/2024\/09\/Praca_Akademia-1229x1536.png 1229w, https:\/\/wartapoznan.pl\/wp-content\/uploads\/2024\/09\/Praca_Akademia-240x300.png 240w, https:\/\/wartapoznan.pl\/wp-content\/uploads\/2024\/09\/Praca_Akademia-102x128.png 102w, https:\/\/wartapoznan.pl\/wp-content\/uploads\/2024\/09\/Praca_Akademia-26x32.png 26w\" sizes=\"(max-width: 1440px) 100vw, 1440px\" \/><\/strong><\/p>\n<p><strong>Stanowisko:<\/strong> trener przygotowania motorycznego<br \/>\n<strong>Lokalizacja:<\/strong> Grodzisk Wielkopolski<br \/>\n<strong>Cel pracy:<\/strong> doskonalenie kompetencji motorycznych zawodnik\u00f3w Akademii Warty Pozna\u0144<br \/>\n<strong>Wynagrodzenie:<\/strong> konkurencyjne na tym stanowisku<br \/>\n<strong>Zatrudnienie:<\/strong> w oparciu o umow\u0119 zlecenie lub B2B<\/p>\n<p><strong>O Akademii Warty Pozna\u0144:<\/strong><\/p>\n<p>Akademia Warty Pozna\u0144 to projekt funkcjonuj\u0105cy w obecnej formule od 2019 roku. Po latach trening\u00f3w przy Drodze D\u0119bi\u0144skie 12, w 2023 roku nast\u0105pi\u0142o otwarcie o\u015brodka szkoleniowego Zielonych w Grodzisku Wielkopolskim. Zespo\u0142y m\u0119skie kategorii U-15, U-17 i U-19 maj\u0105 zapewnione optymalne warunki do rozwoju, uwzgl\u0119dniaj\u0105ce proces szkoleniowy i aspekty spo\u0142eczne. Zawodnicy ucz\u0119szczaj\u0105 do Liceum Og\u00f3lnokszta\u0142c\u0105cego Mistrzostwa Sportowego Warty Pozna\u0144 oraz mieszkaj\u0105 w klubowej bursie na stadionie przy ul. Sportowej 2. Fundamentalnym celem Akademii jest wychowywanie zawodnik\u00f3w do pierwszego zespo\u0142u Warty, dbaj\u0105c r\u00f3wnocze\u015bnie, by zawodnicy rozumieli i podzielali warto\u015bci naszego 112-letniego klubu: rozw\u00f3j, integracja, zaanga\u017cowanie, otwarto\u015b\u0107, odpowiedzialno\u015b\u0107, szacunek, pasja.<\/p>\n<p><strong>Nasze warto\u015bci:<\/strong><\/p>\n<p><strong>Rozw\u00f3j<\/strong> \u2013 post\u0119p klubu i zwi\u0105zanych z nim ludzi to czynnik, na podstawie kt\u00f3rego podejmujemy ka\u017cd\u0105 decyzj\u0119,<\/p>\n<p><strong>Integracja<\/strong> \u2013 dbamy o budowanie spo\u0142eczno\u015bci Zielonych,<\/p>\n<p><strong>Zaanga\u017cowanie<\/strong> \u2013 pracujemy wytrwale dla dobra Warty Pozna\u0144<\/p>\n<p><strong>Otwarto\u015b\u0107<\/strong> \u2013 Warta Pozna\u0144 to klub otwarty na wszelkie grupy wiekowe: od dzieci do nastolatk\u00f3w, dru\u017cyny kobiece, a tak\u017ce dru\u017cyny os\u00f3b z niepe\u0142nosprawno\u015bciami.<\/p>\n<p><strong>Odpowiedzialno\u015b\u0107<\/strong> \u2013 wp\u0142ywamy pozytywnie na \u015brodowisko, spo\u0142eczno\u015b\u0107 i wprowadzamy nowoczesne metody zarz\u0105dzania. Jako pierwszy sportowy klub w kraju wdra\u017camy polityk\u0119 ESG,<\/p>\n<p><strong>Szacunek<\/strong> \u2013 okazujemy go zar\u00f3wno sportowym rywalom, jak i uwa\u017camy za fundamentalny w wewn\u0119trznych relacjach,<\/p>\n<p><strong>Pasja<\/strong> \u2013 jeste\u015bmy zespo\u0142em ludzi d\u0105\u017c\u0105cych do osi\u0105gniecia cel\u00f3w z zami\u0142owaniem.<\/p>\n<p><strong>Zakres obowi\u0105zk\u00f3w:<\/strong><\/p>\n<ul>\n<li>Przygotowywanie i wdra\u017canie wytycznych treningowych, dotycz\u0105cych aspekt\u00f3w motorycznych wraz ze sztabami trenerskimi<\/li>\n<li>Wsp\u00f3\u0142tworzenie plan\u00f3w treningowych wraz ze sztabami trenerskimi<\/li>\n<li>Udzia\u0142 w jednostkach treningowych<\/li>\n<li>Udzia\u0142 w spotkaniach organizacyjnych i szkoleniowych<\/li>\n<li>Udzia\u0142 w procesie decyzyjnym, dotycz\u0105cym przesuni\u0119\u0107 zawodnik\u00f3w mi\u0119dzy zespo\u0142ami<\/li>\n<li>Udzia\u0142 w grach kontrolnych i mistrzowskich<\/li>\n<li>Udzia\u0142 w zgrupowaniach<\/li>\n<li>Cykliczne przeprowadzanie test\u00f3w motorycznych<\/li>\n<li>Bie\u017c\u0105ca obs\u0142uga systemu kamizelek GPS<\/li>\n<li>Analiza i dostarczanie danych z kamizelek GPS<\/li>\n<li>Analiza i ocena rozwoju zawodnik\u00f3w<\/li>\n<li>Prowadzenie bie\u017c\u0105cej dokumentacji szkoleniowej dotycz\u0105cej powierzonego obszaru<\/li>\n<li>Przestrzeganie klubowych procedur dotycz\u0105cych Polityki ochrony i bezpiecze\u0144stwa dzieci oraz organizacji pracy<\/li>\n<\/ul>\n<p><strong>Wykszta\u0142cenie i do\u015bwiadczenie <\/strong>\u2013 oczekujemy, by do naszego zespo\u0142u do\u0142\u0105czy\u0142a ambitna i proaktywna osoba, wyedukowana w obszarze treningu motorycznego z do\u015bwiadczeniem w pracy na oferowanym stanowisku.<\/p>\n<p>&nbsp;<\/p>\n<ul>\n<li>Wymagamy wykszta\u0142cenia kierunkowego potwierdzonego dyplomem<\/li>\n<li>Wymagamy do\u015bwiadczenia w roli trenera przygotowania motorycznego w sportach zespo\u0142owych<\/li>\n<\/ul>\n<ul>\n<li>Certyfikaty z kurs\u00f3w doszkalaj\u0105cych, potwierdzaj\u0105cych ch\u0119\u0107 samodoskonalenia b\u0119d\u0105 dodatkowym atutem<\/li>\n<li>Do\u015bwiadczenie w pracy z zawodnikami pi\u0142ki no\u017cnej z poziomu Centralnej Ligi Junior\u00f3w b\u0119dzie dodatkowym atutem<\/li>\n<\/ul>\n<p><strong>\u00a0<\/strong><\/p>\n<p><strong>Dodatkowe korzy\u015bci:<\/strong><\/p>\n<ul>\n<li>Praca z najzdolniejszymi zawodnikami i mo\u017cliwo\u015b\u0107\u00a0rozwijania ich talentu<\/li>\n<li>Darmowe wej\u015bcia na mecze Warty Pozna\u0144 w rozgrywkach Betclic 1. Ligi<\/li>\n<li>Zni\u017cki w klubowym sklepie<\/li>\n<li>Ubezpieczenie OC<\/li>\n<li>Dofinansowanie dojazd\u00f3w do pracy<\/li>\n<li>Mo\u017cliwo\u015b\u0107 korzystania z si\u0142owni Akademii<\/li>\n<\/ul>\n<p>Aplikacje prosimy przesy\u0142a\u0107 do Dyrektora Akademii Warty Pozna\u0144 \u2013 Miros\u0142awa W\u00f3dkowskiego, na adres mailowy: <a href=\"mailto:m.wodkowski@wartapoznan.pl\">m.wodkowski@wartapoznan.pl<\/a>, do CV prosimy za\u0142\u0105czy\u0107 podpisan\u0105 klauzul\u0119 informacyjn\u0105.<\/p>\n<p><strong>KLAUZULA INFORMACYJNA<\/strong><\/p>\n<p><strong>Informacje o warunkach przetwarzania danych osobowych kandydat\u00f3w do pracy:<\/strong><\/p>\n<ul>\n<li>Administratorem danych jest Warta Pozna\u0144 S.A. z siedzib\u0105 w Poznaniu (61-553) przy ul. Spychalskiego 34. Aby skontaktowa\u0107 si\u0119 z nami, wy\u015blij wiadomo\u015b\u0107 pod e-mail: info@wartapoznan.pl lub zadzwo\u0144 pod numer tel. +48 795 142\u00a0855.<\/li>\n<li>Dane osobowe w zakresie wskazanym w przepisach prawa pracy b\u0119d\u0105 przetwarzane w celu przeprowadzenia bie\u017c\u0105cego procesu rekrutacyjnego, na podstawie art. 6 ust. 1 lit. b) RODO. Inne dane podane w tym celu lub w celu udzia\u0142u w przysz\u0142ych rekrutacjach, b\u0119d\u0105 przetwarzane na podstawie udzielonej zgody, zgodnie z art. 6 ust. 1 lit. a) lub art. 9 ust. 2 lit. a) RODO.<\/li>\n<li>Informujemy o przys\u0142uguj\u0105cym prawie do cofni\u0119cia udzielonej zgody na przetwarzanie danych osobowych w dowolnym momencie. Cofni\u0119cie zgody nie wp\u0142ywa na zgodno\u015b\u0107 z prawem ich wcze\u015bniejszego przetwarzania.<\/li>\n<li>Informujemy r\u00f3wnie\u017c o przys\u0142uguj\u0105cym prawie dost\u0119pu do swoich danych, ich sprostowania, usuni\u0119cia, ograniczenia przetwarzania, a tak\u017ce o prawie wniesienia skargi do Urz\u0119du Ochrony Danych Osobowych, ul. Stawki 2, 00-193 Warszawa, kancelaria@uodo.gov.pl.<\/li>\n<li>Podanie danych w zakresie okre\u015blonym w art. 22<sup>1<\/sup> Kodeksu pracy jest niezb\u0119dne w celu wzi\u0119cia udzia\u0142u w rekrutacji. Podanie innych danych jest dobrowolne.<\/li>\n<li>Dane osobowe b\u0119d\u0105 przetwarzane przez 3 miesi\u0105ce od uko\u0144czenia rekrutacji (zawarcia umowy docelowej) lub w przypadku odpowiedniej zgody, do momentu jej wycofania, nie d\u0142u\u017cej ni\u017c przez 3 lata.<\/li>\n<li>Odbiorcami danych osobowych b\u0119d\u0105: hostingodawca poczty elektronicznej i hostingodawca serwera.<em>\u00a0<\/em><\/li>\n<\/ul>\n<p><em>Wyra\u017cam zgod\u0119 na przetwarzanie moich danych osobowych na potrzeby tej oraz przysz\u0142ych rekrutacji.<\/em><\/p>\n<p><em>\u00a0\u00a0\u00a0\u00a0\u00a0\u00a0\u00a0\u00a0\u00a0\u00a0\u00a0\u00a0\u00a0\u00a0\u00a0\u00a0\u00a0\u00a0\u00a0\u00a0\u00a0\u00a0\u00a0\u00a0\u00a0\u00a0\u00a0\u00a0\u00a0\u00a0\u00a0\u00a0\u00a0\u00a0\u00a0\u00a0\u00a0\u00a0\u00a0\u00a0\u00a0\u00a0\u00a0\u00a0\u00a0\u00a0\u00a0\u00a0\u00a0\u00a0\u00a0\u00a0\u00a0\u00a0\u00a0\u00a0\u00a0\u00a0\u00a0\u00a0\u00a0\u00a0\u00a0\u00a0\u00a0\u00a0\u00a0\u00a0\u00a0\u00a0\u00a0\u00a0\u00a0\u00a0\u00a0\u00a0\u00a0\u00a0\u00a0\u00a0\u00a0\u00a0\u00a0\u00a0\u00a0\u00a0\u00a0\u00a0\u00a0\u00a0\u00a0\u00a0\u00a0\u00a0\u00a0\u00a0\u00a0\u00a0\u00a0\u00a0\u00a0\u00a0\u00a0\u00a0\u00a0\u00a0\u00a0\u00a0\u00a0\u00a0\u00a0\u00a0\u00a0\u00a0\u00a0\u00a0\u00a0\u00a0\u00a0\u00a0\u00a0\u00a0\u00a0\u00a0\u00a0\u00a0\u00a0\u00a0\u00a0\u00a0\u00a0\u00a0\u00a0\u00a0\u00a0\u00a0\u00a0\u00a0\u00a0\u00a0\u00a0\u00a0\u00a0 _______________________________<\/em><\/p>\n<p><em>\u00a0\u00a0\u00a0\u00a0\u00a0\u00a0\u00a0\u00a0\u00a0\u00a0\u00a0\u00a0\u00a0\u00a0\u00a0\u00a0\u00a0\u00a0\u00a0\u00a0\u00a0\u00a0\u00a0\u00a0\u00a0\u00a0\u00a0\u00a0\u00a0\u00a0\u00a0\u00a0\u00a0\u00a0\u00a0\u00a0\u00a0\u00a0\u00a0\u00a0\u00a0\u00a0\u00a0\u00a0\u00a0\u00a0\u00a0\u00a0\u00a0\u00a0\u00a0\u00a0\u00a0\u00a0\u00a0\u00a0\u00a0\u00a0\u00a0\u00a0\u00a0\u00a0\u00a0\u00a0\u00a0\u00a0\u00a0\u00a0\u00a0\u00a0\u00a0\u00a0\u00a0\u00a0\u00a0\u00a0\u00a0\u00a0\u00a0\u00a0\u00a0\u00a0\u00a0\u00a0\u00a0\u00a0\u00a0\u00a0\u00a0\u00a0\u00a0\u00a0\u00a0\u00a0\u00a0\u00a0\u00a0\u00a0\u00a0\u00a0\u00a0\u00a0\u00a0\u00a0\u00a0\u00a0\u00a0\u00a0\u00a0\u00a0\u00a0\u00a0\u00a0\u00a0\u00a0\u00a0\u00a0\u00a0\u00a0\u00a0\u00a0\u00a0\u00a0\u00a0\u00a0\u00a0\u00a0\u00a0\u00a0\u00a0\u00a0\u00a0\u00a0\u00a0\u00a0\u00a0\u00a0\u00a0\u00a0\u00a0\u00a0\u00a0\u00a0\u00a0\u00a0\u00a0\u00a0\u00a0\u00a0\u00a0\u00a0\u00a0\u00a0\u00a0\u00a0\u00a0\u00a0\u00a0\u00a0\u00a0\u00a0 \u00a0 (data i podpis)<\/em><\/p>\n","protected":false},"excerpt":{"rendered":"<p>&nbsp; Stanowisko: trener przygotowania motorycznego Lokalizacja: Grodzisk Wielkopolski Cel pracy: doskonalenie kompetencji motorycznych zawodnik\u00f3w Akademii Warty Pozna\u0144 Wynagrodzenie: konkurencyjne na&#8230;<\/p>\n","protected":false},"author":38,"featured_media":0,"parent":0,"menu_order":0,"comment_status":"closed","ping_status":"closed","template":"","meta":{"om_disable_all_campaigns":false,"inline_featured_image":false,"footnotes":"","_links_to":"","_links_to_target":""},"categories":[],"tags":[],"aioseo_notices":[],"_links":{"self":[{"href":"https:\/\/wartapoznan.pl\/index.php\/wp-json\/wp\/v2\/pages\/40124"}],"collection":[{"href":"https:\/\/wartapoznan.pl\/index.php\/wp-json\/wp\/v2\/pages"}],"about":[{"href":"https:\/\/wartapoznan.pl\/index.php\/wp-json\/wp\/v2\/types\/page"}],"author":[{"embeddable":true,"href":"https:\/\/wartapoznan.pl\/index.php\/wp-json\/wp\/v2\/users\/38"}],"replies":[{"embeddable":true,"href":"https:\/\/wartapoznan.pl\/index.php\/wp-json\/wp\/v2\/comments?post=40124"}],"version-history":[{"count":3,"href":"https:\/\/wartapoznan.pl\/index.php\/wp-json\/wp\/v2\/pages\/40124\/revisions"}],"predecessor-version":[{"id":40129,"href":"https:\/\/wartapoznan.pl\/index.php\/wp-json\/wp\/v2\/pages\/40124\/revisions\/40129"}],"wp:attachment":[{"href":"https:\/\/wartapoznan.pl\/index.php\/wp-json\/wp\/v2\/media?parent=40124"}],"wp:term":[{"taxonomy":"category","embeddable":true,"href":"https:\/\/wartapoznan.pl\/index.php\/wp-json\/wp\/v2\/categories?post=40124"},{"taxonomy":"post_tag","embeddable":true,"href":"https:\/\/wartapoznan.pl\/index.php\/wp-json\/wp\/v2\/tags?post=40124"}],"curies":[{"name":"wp","href":"https:\/\/api.w.org\/{rel}","templated":true}]}}

<p>&nbsp;</p>
<p><strong><img loading="lazy" decoding="async" width="1440" height="1800" class="alignnone size-full wp-image-40126" src="https://wartapoznan.pl/wp-content/uploads/2024/09/Praca_Akademia.png" alt="" srcset="https://wartapoznan.pl/wp-content/uploads/2024/09/Praca_Akademia.png 1440w, https://wartapoznan.pl/wp-content/uploads/2024/09/Praca_Akademia-1229x1536.png 1229w, https://wartapoznan.pl/wp-content/uploads/2024/09/Praca_Akademia-240x300.png 240w, https://wartapoznan.pl/wp-content/uploads/2024/09/Praca_Akademia-102x128.png 102w, https://wartapoznan.pl/wp-content/uploads/2024/09/Praca_Akademia-26x32.png 26w" sizes="(max-width: 1440px) 100vw, 1440px" /></strong></p>
<p><strong>Stanowisko:</strong> trener przygotowania motorycznego<br />
<strong>Lokalizacja:</strong> Grodzisk Wielkopolski<br />
<strong>Cel pracy:</strong> doskonalenie kompetencji motorycznych zawodników Akademii Warty Poznań<br />
<strong>Wynagrodzenie:</strong> konkurencyjne na tym stanowisku<br />
<strong>Zatrudnienie:</strong> w oparciu o umowę zlecenie lub B2B</p>
<p><strong>O Akademii Warty Poznań:</strong></p>
<p>Akademia Warty Poznań to projekt funkcjonujący w obecnej formule od 2019 roku. Po latach treningów przy Drodze Dębińskie 12, w 2023 roku nastąpiło otwarcie ośrodka szkoleniowego Zielonych w Grodzisku Wielkopolskim. Zespoły męskie kategorii U-15, U-17 i U-19 mają zapewnione optymalne warunki do rozwoju, uwzględniające proces szkoleniowy i aspekty społeczne. Zawodnicy uczęszczają do Liceum Ogólnokształcącego Mistrzostwa Sportowego Warty Poznań oraz mieszkają w klubowej bursie na stadionie przy ul. Sportowej 2. Fundamentalnym celem Akademii jest wychowywanie zawodników do pierwszego zespołu Warty, dbając równocześnie, by zawodnicy rozumieli i podzielali wartości naszego 112-letniego klubu: rozwój, integracja, zaangażowanie, otwartość, odpowiedzialność, szacunek, pasja.</p>
<p><strong>Nasze wartości:</strong></p>
<p><strong>Rozwój</strong> – postęp klubu i związanych z nim ludzi to czynnik, na podstawie którego podejmujemy każdą decyzję,</p>
<p><strong>Integracja</strong> – dbamy o budowanie społeczności Zielonych,</p>
<p><strong>Zaangażowanie</strong> – pracujemy wytrwale dla dobra Warty Poznań</p>
<p><strong>Otwartość</strong> – Warta Poznań to klub otwarty na wszelkie grupy wiekowe: od dzieci do nastolatków, drużyny kobiece, a także drużyny osób z niepełnosprawnościami.</p>
<p><strong>Odpowiedzialność</strong> – wpływamy pozytywnie na środowisko, społeczność i wprowadzamy nowoczesne metody zarządzania. Jako pierwszy sportowy klub w kraju wdrażamy politykę ESG,</p>
<p><strong>Szacunek</strong> – okazujemy go zarówno sportowym rywalom, jak i uważamy za fundamentalny w wewnętrznych relacjach,</p>
<p><strong>Pasja</strong> – jesteśmy zespołem ludzi dążących do osiągniecia celów z zamiłowaniem.</p>
<p><strong>Zakres obowiązków:</strong></p>
<ul>
<li>Przygotowywanie i wdrażanie wytycznych treningowych, dotyczących aspektów motorycznych wraz ze sztabami trenerskimi</li>
<li>Współtworzenie planów treningowych wraz ze sztabami trenerskimi</li>
<li>Udział w jednostkach treningowych</li>
<li>Udział w spotkaniach organizacyjnych i szkoleniowych</li>
<li>Udział w procesie decyzyjnym, dotyczącym przesunięć zawodników między zespołami</li>
<li>Udział w grach kontrolnych i mistrzowskich</li>
<li>Udział w zgrupowaniach</li>
<li>Cykliczne przeprowadzanie testów motorycznych</li>
<li>Bieżąca obsługa systemu kamizelek GPS</li>
<li>Analiza i dostarczanie danych z kamizelek GPS</li>
<li>Analiza i ocena rozwoju zawodników</li>
<li>Prowadzenie bieżącej dokumentacji szkoleniowej dotyczącej powierzonego obszaru</li>
<li>Przestrzeganie klubowych procedur dotyczących Polityki ochrony i bezpieczeństwa dzieci oraz organizacji pracy</li>
</ul>
<p><strong>Wykształcenie i doświadczenie </strong>– oczekujemy, by do naszego zespołu dołączyła ambitna i proaktywna osoba, wyedukowana w obszarze treningu motorycznego z doświadczeniem w pracy na oferowanym stanowisku.</p>
<p>&nbsp;</p>
<ul>
<li>Wymagamy wykształcenia kierunkowego potwierdzonego dyplomem</li>
<li>Wymagamy doświadczenia w roli trenera przygotowania motorycznego w sportach zespołowych</li>
</ul>
<ul>
<li>Certyfikaty z kursów doszkalających, potwierdzających chęć samodoskonalenia będą dodatkowym atutem</li>
<li>Doświadczenie w pracy z zawodnikami piłki nożnej z poziomu Centralnej Ligi Juniorów będzie dodatkowym atutem</li>
</ul>
<p><strong> </strong></p>
<p><strong>Dodatkowe korzyści:</strong></p>
<ul>
<li>Praca z najzdolniejszymi zawodnikami i możliwość rozwijania ich talentu</li>
<li>Darmowe wejścia na mecze Warty Poznań w rozgrywkach Betclic 1. Ligi</li>
<li>Zniżki w klubowym sklepie</li>
<li>Ubezpieczenie OC</li>
<li>Dofinansowanie dojazdów do pracy</li>
<li>Możliwość korzystania z siłowni Akademii</li>
</ul>
<p>Aplikacje prosimy przesyłać do Dyrektora Akademii Warty Poznań – Mirosława Wódkowskiego, na adres mailowy: <a href="mailto:m.wodkowski@wartapoznan.pl">m.wodkowski@wartapoznan.pl</a>, do CV prosimy załączyć podpisaną klauzulę informacyjną.</p>
<p><strong>KLAUZULA INFORMACYJNA</strong></p>
<p><strong>Informacje o warunkach przetwarzania danych osobowych kandydatów do pracy:</strong></p>
<ul>
<li>Administratorem danych jest Warta Poznań S.A. z siedzibą w Poznaniu (61-553) przy ul. Spychalskiego 34. Aby skontaktować się z nami, wyślij wiadomość pod e-mail: info@wartapoznan.pl lub zadzwoń pod numer tel. +48 795 142 855.</li>
<li>Dane osobowe w zakresie wskazanym w przepisach prawa pracy będą przetwarzane w celu przeprowadzenia bieżącego procesu rekrutacyjnego, na podstawie art. 6 ust. 1 lit. b) RODO. Inne dane podane w tym celu lub w celu udziału w przyszłych rekrutacjach, będą przetwarzane na podstawie udzielonej zgody, zgodnie z art. 6 ust. 1 lit. a) lub art. 9 ust. 2 lit. a) RODO.</li>
<li>Informujemy o przysługującym prawie do cofnięcia udzielonej zgody na przetwarzanie danych osobowych w dowolnym momencie. Cofnięcie zgody nie wpływa na zgodność z prawem ich wcześniejszego przetwarzania.</li>
<li>Informujemy również o przysługującym prawie dostępu do swoich danych, ich sprostowania, usunięcia, ograniczenia przetwarzania, a także o prawie wniesienia skargi do Urzędu Ochrony Danych Osobowych, ul. Stawki 2, 00-193 Warszawa, kancelaria@uodo.gov.pl.</li>
<li>Podanie danych w zakresie określonym w art. 22<sup>1</sup> Kodeksu pracy jest niezbędne w celu wzięcia udziału w rekrutacji. Podanie innych danych jest dobrowolne.</li>
<li>Dane osobowe będą przetwarzane przez 3 miesiące od ukończenia rekrutacji (zawarcia umowy docelowej) lub w przypadku odpowiedniej zgody, do momentu jej wycofania, nie dłużej niż przez 3 lata.</li>
<li>Odbiorcami danych osobowych będą: hostingodawca poczty elektronicznej i hostingodawca serwera.<em> </em></li>
</ul>
<p><em>Wyrażam zgodę na przetwarzanie moich danych osobowych na potrzeby tej oraz przyszłych rekrutacji.</em></p>
<p><em>                                                                                                                                                _______________________________</em></p>
<p><em>                                                                                                                                                                    (data i podpis)</em></p>

<p>&nbsp; Stanowisko: trener przygotowania motorycznego Lokalizacja: Grodzisk Wielkopolski Cel pracy: doskonalenie kompetencji motorycznych zawodników Akademii Warty Poznań Wynagrodzenie: konkurencyjne na&#8230;</p>
