{"id":44003,"date":"2026-02-05T12:36:38","date_gmt":"2026-02-05T11:36:38","guid":{"rendered":"https:\/\/wartapoznan.pl\/?page_id=44003"},"modified":"2026-02-05T12:36:38","modified_gmt":"2026-02-05T11:36:38","slug":"zielona-trybuna-warty-poznan-juz-zamowiona-bedzie-wieksza-niz-zakladano","status":"publish","type":"page","link":"https:\/\/wartapoznan.pl\/index.php\/zielona-trybuna-warty-poznan-juz-zamowiona-bedzie-wieksza-niz-zakladano\/","title":{"rendered":"Zielona Trybuna Warty Pozna\u0144 ju\u017c zam\u00f3wiona. B\u0119dzie wi\u0119ksza ni\u017c zak\u0142adano."},"content":{"rendered":"<p><b>Warta Pozna\u0144 idzie za ciosem. Po udanym zako\u0144czeniu zbi\u00f3rki na now\u0105 trybun\u0119 klub z\u0142o\u017cy\u0142 ju\u017c zam\u00f3wienie w firmie, kt\u00f3ra ma j\u0105 wyprodukowa\u0107 i dostarczy\u0107. Dzi\u0119ki wyj\u0105tkowej aktywno\u015bci darczy\u0144c\u00f3w w ostatnich dniach zbi\u00f3rki, klub ma te\u017c dobr\u0105 wiadomo\u015b\u0107 dla kibic\u00f3w: \u201eZielona Trybuna\u201d b\u0119dzie wi\u0119ksza ni\u017c pierwotnie zak\u0142adano.<\/b><\/p>\n<p><i><span style=\"font-weight: 400;\">W ci\u0105gu ostatniego tygodnia pieni\u0105dze na trybun\u0119 sp\u0142ywa\u0142y w zasadzie do ostatniej chwili. Gdy podsumowali\u015bmy to wszystko, co uda\u0142o si\u0119 zebra\u0107 w czasie trwania zbi\u00f3rki, a tak\u017ce pieni\u0105dze przekazane przez Mikstol, okaza\u0142o si\u0119, \u017ce mamy wi\u0119cej ni\u017c zak\u0142adali\u015bmy. Firma, w kt\u00f3rej zam\u00f3wimy trybun\u0119, te\u017c wysz\u0142a nam naprzeciw i ostatecznie trybuna b\u0119dzie wi\u0119ksza o ponad 100 miejsc <\/span><\/i><span style=\"font-weight: 400;\">\u2013 informuje Piotr Komorowski, rzecznik prasowy Warty Pozna\u0144.<\/span><\/p>\n<p><span style=\"font-weight: 400;\">Zielona Trybuna b\u0119dzie mia\u0142a 856 miejsc, czyli ponad 130 wi\u0119cej ni\u017c pierwotnie zak\u0142adano.<\/span><span style=\"font-weight: 400;\"><br \/>\n<\/span><span style=\"font-weight: 400;\">B\u0119dzie mia\u0142a 5 sektor\u00f3w, do kt\u00f3rych prowadzi\u0107 b\u0119d\u0105 4 wej\u015bcia. D\u0142ugo\u015b\u0107 trybuny to 50 m, a szeroko\u015b\u0107 \u2013 8,6 m. Tak jak istniej\u0105ca trybuna, b\u0119dzie wysoka na 10 rz\u0119d\u00f3w.<\/span><\/p>\n<p><span style=\"font-weight: 400;\">Klub ju\u017c z\u0142o\u017cy\u0142 zam\u00f3wienie, a w ci\u0105gu nast\u0119pnych dw\u00f3ch tygodni b\u0119dzie realizowana pierwsza wp\u0142ata. Trybuna powinna pojawi\u0107 si\u0119 przy Drodze D\u0119bi\u0144skiej w po\u0142owie kwietnia. Klub b\u0119dzie odpowiedzialny za przygotowanie terenu pod jej instalacj\u0119 \u2013 do tego zostanie wykorzystany istniej\u0105cy ju\u017c betonowy podest. Konieczne b\u0119dzie przeniesienie kontener\u00f3w, w kt\u00f3rych s\u0105 sala konferencyjna i punkt medyczny, w inne miejsce. Na tym jednak nie ko\u0144czy si\u0119 praca zwi\u0105zana ze zbi\u00f3rk\u0105.\u00a0<\/span><\/p>\n<p><i><span style=\"font-weight: 400;\">Obok kwestii formalnych i organizacyjnych zwi\u0105zanych z trybun\u0105 pracujemy te\u017c nad tym, \u017ceby ka\u017cdy, kto wzi\u0105\u0142 udzia\u0142 w zbi\u00f3rce, otrzyma\u0142 podzi\u0119kowanie, kt\u00f3re obiecali\u015bmy. Trwa wysy\u0142ka koszulek za wp\u0142aty, przygotowujemy r\u00f3wnie\u017c grawerowane krzese\u0142ka dla os\u00f3b i firm, kt\u00f3re wp\u0142aci\u0142y co najmniej 1000 PLN. One otrzymaj\u0105 te\u017c karnety na pierwsz\u0105 pe\u0142n\u0105 rund\u0119 nowej trybuny, czyli rund\u0119 jesienn\u0105 przysz\u0142ego sezonu \u2013<\/span><\/i><span style=\"font-weight: 400;\"> uzupe\u0142nia Komorowski.<\/span><\/p>\n","protected":false},"excerpt":{"rendered":"<p>Warta Pozna\u0144 idzie za ciosem. Po udanym zako\u0144czeniu zbi\u00f3rki na now\u0105 trybun\u0119 klub z\u0142o\u017cy\u0142 ju\u017c zam\u00f3wienie w firmie, kt\u00f3ra ma&#8230;<\/p>\n","protected":false},"author":36,"featured_media":43952,"parent":0,"menu_order":0,"comment_status":"closed","ping_status":"closed","template":"","meta":{"om_disable_all_campaigns":false,"inline_featured_image":false,"footnotes":"","_links_to":"","_links_to_target":""},"categories":[94,1],"tags":[],"aioseo_notices":[],"_links":{"self":[{"href":"https:\/\/wartapoznan.pl\/index.php\/wp-json\/wp\/v2\/pages\/44003"}],"collection":[{"href":"https:\/\/wartapoznan.pl\/index.php\/wp-json\/wp\/v2\/pages"}],"about":[{"href":"https:\/\/wartapoznan.pl\/index.php\/wp-json\/wp\/v2\/types\/page"}],"author":[{"embeddable":true,"href":"https:\/\/wartapoznan.pl\/index.php\/wp-json\/wp\/v2\/users\/36"}],"replies":[{"embeddable":true,"href":"https:\/\/wartapoznan.pl\/index.php\/wp-json\/wp\/v2\/comments?post=44003"}],"version-history":[{"count":1,"href":"https:\/\/wartapoznan.pl\/index.php\/wp-json\/wp\/v2\/pages\/44003\/revisions"}],"predecessor-version":[{"id":44004,"href":"https:\/\/wartapoznan.pl\/index.php\/wp-json\/wp\/v2\/pages\/44003\/revisions\/44004"}],"wp:featuredmedia":[{"embeddable":true,"href":"https:\/\/wartapoznan.pl\/index.php\/wp-json\/wp\/v2\/media\/43952"}],"wp:attachment":[{"href":"https:\/\/wartapoznan.pl\/index.php\/wp-json\/wp\/v2\/media?parent=44003"}],"wp:term":[{"taxonomy":"category","embeddable":true,"href":"https:\/\/wartapoznan.pl\/index.php\/wp-json\/wp\/v2\/categories?post=44003"},{"taxonomy":"post_tag","embeddable":true,"href":"https:\/\/wartapoznan.pl\/index.php\/wp-json\/wp\/v2\/tags?post=44003"}],"curies":[{"name":"wp","href":"https:\/\/api.w.org\/{rel}","templated":true}]}}