{"id":5086,"date":"2019-05-22T22:06:24","date_gmt":"2019-05-22T20:06:24","guid":{"rendered":"https:\/\/wartapoznan.pl\/?page_id=5086"},"modified":"2020-02-20T17:54:51","modified_gmt":"2020-02-20T16:54:51","slug":"ampfutbol","status":"publish","type":"page","link":"https:\/\/wartapoznan.pl\/index.php\/ampfutbol\/","title":{"rendered":"Zagraj w amp futbol w Warcie Pozna\u0144"},"content":{"rendered":"<p>[vc_row css=&#8221;.vc_custom_1529321831178{margin-top: 20px !important;margin-bottom: 60px !important;}&#8221;][vc_column][alc_box title=&#8221;Zagraj w amp futbol w Warcie Pozna\u0144&#8221;][vc_row_inner][vc_column_inner][vc_column_text]<img loading=\"lazy\" decoding=\"async\" width=\"600\" height=\"800\" class=\"aligncenter wp-image-5088 size-full\" src=\"https:\/\/wartapoznan.pl\/wp-content\/uploads\/2019\/05\/dolacz_do_nas_amp-1.png\" alt=\"\" srcset=\"https:\/\/wartapoznan.pl\/wp-content\/uploads\/2019\/05\/dolacz_do_nas_amp-1.png 600w, https:\/\/wartapoznan.pl\/wp-content\/uploads\/2019\/05\/dolacz_do_nas_amp-1-225x300.png 225w, https:\/\/wartapoznan.pl\/wp-content\/uploads\/2019\/05\/dolacz_do_nas_amp-1-96x128.png 96w, https:\/\/wartapoznan.pl\/wp-content\/uploads\/2019\/05\/dolacz_do_nas_amp-1-24x32.png 24w, https:\/\/wartapoznan.pl\/wp-content\/uploads\/2019\/05\/dolacz_do_nas_amp-1-300x400.png 300w, https:\/\/wartapoznan.pl\/wp-content\/uploads\/2019\/05\/dolacz_do_nas_amp-1-435x580.png 435w, https:\/\/wartapoznan.pl\/wp-content\/uploads\/2019\/05\/dolacz_do_nas_amp-1-53x70.png 53w, https:\/\/wartapoznan.pl\/wp-content\/uploads\/2019\/05\/dolacz_do_nas_amp-1-75x100.png 75w\" sizes=\"(max-width: 600px) 100vw, 600px\" \/><\/p>\n<p><strong>Zagraj w amp futbol w Warcie Pozna\u0144!<\/strong><\/p>\n<p>Brak nogi lub r\u0119ki nie b\u0119dzie ju\u017c przeszkod\u0105 do tego, \u017ceby zagra\u0107 w pi\u0142k\u0119 w Warcie Pozna\u0144. Wst\u0105p do dru\u017cyny \u201eZielonych\u201d w amp futbolu.<br \/>\nCzekamy na Ciebie!<\/p>\n<p>\u201eAmp futbol to wspania\u0142a inicjatywa, kt\u00f3r\u0105 widz\u0119 w strukturach naszego klubu\u201d \u2013 pisa\u0142 w li\u015bcie do kibic\u00f3w i sympatyk\u00f3w \u201eZielonych\u201d w\u0142a\u015bciciel Warty Pozna\u0144, Bart\u0142omiej Farjaszewski. Do tego kroku szykowali\u015bmy si\u0119 ju\u017c od d\u0142u\u017cszego czasu. W\u0142a\u015bnie rozpoczynamy nab\u00f3r do dru\u017cyny. G\u0142\u0119boko wierzymy w to, \u017ce uda si\u0119 stworzy\u0107 zesp\u00f3\u0142, kt\u00f3ry wkr\u00f3tce wyst\u0105pi w zielono-bia\u0142ych barwach, w rozgrywkach ligowych.<\/p>\n<p><center><iframe src=\"https:\/\/www.youtube.com\/embed\/0FXlbTNrL3Y\" frameborder=\"0\" allowfullscreen=\"allowfullscreen\"><\/iframe><\/center>Dzia\u0142amy w porozumieniu z AMP Futbol Polska i pozna\u0144skim Stowarzyszeniem Sportowo-Rehabilitacyjnym START. Mamy wiedz\u0119 i infrastruktur\u0119 potrzebn\u0105 do uprawiania tej bardzo widowiskowej dyscypliny sportu. Szukamy os\u00f3b po jednostronnej amputacji ko\u0144czyny lub takich, kt\u00f3re maja jedn\u0105 ko\u0144czyn\u0119 wyra\u017anie kr\u00f3tsz\u0105, np. wskutek wady wrodzonej. Nie sied\u017a w domu, bez Ciebie nie ruszymy. Do gry w polu potrzebni s\u0105 zawodnicy bez nogi lub stopy. Bramkarzami zostaj\u0105 osoby bez r\u0119ki lub ramienia.<\/p>\n<p>W Polsce amp futbol rozwija si\u0119 w imponuj\u0105cym tempie. Reprezentacja \u201eBia\u0142o-czerwonych\u201d to obecnie si\u00f3dma dru\u017cyna na \u015bwiecie. W 2020 roku Krak\u00f3w b\u0119dzie organizatorem Mistrzostw Europy. W dru\u017cynie narodowej wyst\u0119puje Bartosz Skrzypek, kt\u00f3ry zaanga\u017cowa\u0142 si\u0119 w projekt stworzenia w Warcie Pozna\u0144 zespo\u0142u amp futbolowego.<\/p>\n<p>Nie musisz by\u0107 zawodnikiem. Ba, mo\u017cesz nawet nie zna\u0107 zasad gry. Liczymy na Twoje dobre ch\u0119ci i zaanga\u017cowanie, a wtedy na pewno si\u0119 uda. Wy\u015blij tylko swoje zg\u0142oszenie na ampfutbol@wartapoznan.pl, a my zrobimy z Ciebie amp futbolist\u0119!<\/p>\n<p>Kontakt do trenera\/koordynatora:<br \/>\nDariusz Sylwestrzak<br \/>\nTelefon: +48 727 645 864; e-mail: <a href=\"mailto:d.sylwestrzak@wartapoznan.pl\">d.sylwestrzak@wartapoznan.pl<\/a>[\/vc_column_text]\n<div class=\"wpcf7 no-js\" id=\"wpcf7-f5095-o1\" lang=\"pl-PL\" dir=\"ltr\">\n<div class=\"screen-reader-response\"><p role=\"status\" aria-live=\"polite\" aria-atomic=\"true\"><\/p> <ul><\/ul><\/div>\n<form action=\"\/index.php\/wp-json\/wp\/v2\/pages\/5086#wpcf7-f5095-o1\" method=\"post\" class=\"wpcf7-form init\" aria-label=\"Formularz kontaktowy\" novalidate=\"novalidate\" data-status=\"init\">\n<div style=\"display: none;\">\n<input type=\"hidden\" name=\"_wpcf7\" value=\"5095\" \/>\n<input type=\"hidden\" name=\"_wpcf7_version\" value=\"5.9.8\" \/>\n<input type=\"hidden\" name=\"_wpcf7_locale\" value=\"pl_PL\" \/>\n<input type=\"hidden\" name=\"_wpcf7_unit_tag\" value=\"wpcf7-f5095-o1\" \/>\n<input type=\"hidden\" name=\"_wpcf7_container_post\" value=\"0\" \/>\n<input type=\"hidden\" name=\"_wpcf7_posted_data_hash\" value=\"\" \/>\n<input type=\"hidden\" name=\"_wpcf7_recaptcha_response\" value=\"\" \/>\n<\/div>\n<div class=\"row\">\n\t<div class=\"col-md-4\">\n\t\t<div class=\"form-group\">\n\t\t\t<p><label>Imi\u0119 i nazwisko <span class=\"required\">*<\/span><\/label><br \/>\n<span class=\"wpcf7-form-control-wrap\" data-name=\"input-name\"><input size=\"40\" maxlength=\"400\" class=\"wpcf7-form-control wpcf7-text wpcf7-validates-as-required form-control\" id=\"input-name\" aria-required=\"true\" aria-invalid=\"false\" placeholder=\"Imi\u0119 i nazwisko\" value=\"\" type=\"text\" name=\"input-name\" \/><\/span>\n\t\t\t<\/p>\n\t\t<\/div>\n\t<\/div>\n\t<div class=\"col-md-4\">\n\t\t<div class=\"form-group\">\n\t\t\t<p><label>Tw\u00f3j Email <span class=\"required\">*<\/span><\/label><br \/>\n<span class=\"wpcf7-form-control-wrap\" data-name=\"input-email\"><input size=\"40\" maxlength=\"400\" class=\"wpcf7-form-control wpcf7-email wpcf7-validates-as-required wpcf7-text wpcf7-validates-as-email form-control\" id=\"input-email\" aria-required=\"true\" aria-invalid=\"false\" placeholder=\"Tw\u00f3j email\" value=\"\" type=\"email\" name=\"input-email\" \/><\/span>\n\t\t\t<\/p>\n\t\t<\/div>\n\t<\/div>\n<\/div>\n<div class=\"form-group\">\n\t<p><label>Wiadomo\u015b\u0107 <span class=\"required\">*<\/span><\/label><br \/>\n<span class=\"wpcf7-form-control-wrap\" data-name=\"textarea\"><textarea cols=\"40\" rows=\"5\" maxlength=\"2000\" class=\"wpcf7-form-control wpcf7-textarea wpcf7-validates-as-required form-control\" id=\"textarea\" aria-required=\"true\" aria-invalid=\"false\" placeholder=\"Napisz co\u015b o sobie\" name=\"textarea\"><\/textarea><\/span>\n\t<\/p>\n<\/div>\n<div class=\"form-group form-group--submit\">\n\t<p>[wpgdprc \"Wyra\u017cam zgod\u0119 na przetwarzanie przez Warta Pozna\u0144 Sp\u00f3\u0142ka Akcyjna z siedzib\u0105 w Poznaniu przy ul. Droga D\u0119bi\u0144ska 12, 61-555 Pozna\u0144, moich danych osobowych zawartych w formularzu zam\u00f3wienia w celu i zakresie niezb\u0119dnym do realizacji niniejszego zg\u0142oszenia.\"]\n\t<\/p>\n\t<p><input class=\"wpcf7-form-control wpcf7-submit has-spinner btn btn-primary-inverse btn-lg btn-block\" id=\"submit\" type=\"submit\" value=\"Wy\u015blij zg\u0142oszenie\" \/>\n\t<\/p>\n<\/div><div class=\"wpcf7-response-output\" aria-hidden=\"true\"><\/div>\n<\/form>\n<\/div>\n[\/vc_column_inner][\/vc_row_inner][\/alc_box][\/vc_column][\/vc_row]<\/p>\n","protected":false},"excerpt":{"rendered":"<p>[vc_row css=&#8221;.vc_custom_1529321831178{margin-top: 20px !important;margin-bottom: 60px !important;}&#8221;][vc_column][alc_box title=&#8221;Zagraj w amp futbol w Warcie Pozna\u0144&#8221;][vc_row_inner][vc_column_inner][vc_column_text] Zagraj w amp futbol w Warcie Pozna\u0144!&#8230;<\/p>\n","protected":false},"author":36,"featured_media":5084,"parent":0,"menu_order":0,"comment_status":"closed","ping_status":"closed","template":"","meta":{"om_disable_all_campaigns":false,"inline_featured_image":false,"footnotes":"","_links_to":"","_links_to_target":""},"categories":[],"tags":[],"aioseo_notices":[],"_links":{"self":[{"href":"https:\/\/wartapoznan.pl\/index.php\/wp-json\/wp\/v2\/pages\/5086"}],"collection":[{"href":"https:\/\/wartapoznan.pl\/index.php\/wp-json\/wp\/v2\/pages"}],"about":[{"href":"https:\/\/wartapoznan.pl\/index.php\/wp-json\/wp\/v2\/types\/page"}],"author":[{"embeddable":true,"href":"https:\/\/wartapoznan.pl\/index.php\/wp-json\/wp\/v2\/users\/36"}],"replies":[{"embeddable":true,"href":"https:\/\/wartapoznan.pl\/index.php\/wp-json\/wp\/v2\/comments?post=5086"}],"version-history":[{"count":17,"href":"https:\/\/wartapoznan.pl\/index.php\/wp-json\/wp\/v2\/pages\/5086\/revisions"}],"predecessor-version":[{"id":8520,"href":"https:\/\/wartapoznan.pl\/index.php\/wp-json\/wp\/v2\/pages\/5086\/revisions\/8520"}],"wp:featuredmedia":[{"embeddable":true,"href":"https:\/\/wartapoznan.pl\/index.php\/wp-json\/wp\/v2\/media\/5084"}],"wp:attachment":[{"href":"https:\/\/wartapoznan.pl\/index.php\/wp-json\/wp\/v2\/media?parent=5086"}],"wp:term":[{"taxonomy":"category","embeddable":true,"href":"https:\/\/wartapoznan.pl\/index.php\/wp-json\/wp\/v2\/categories?post=5086"},{"taxonomy":"post_tag","embeddable":true,"href":"https:\/\/wartapoznan.pl\/index.php\/wp-json\/wp\/v2\/tags?post=5086"}],"curies":[{"name":"wp","href":"https:\/\/api.w.org\/{rel}","templated":true}]}}