{"id":9260,"date":"2020-06-01T18:34:51","date_gmt":"2020-06-01T16:34:51","guid":{"rendered":"https:\/\/wartapoznan.pl\/?page_id=9260"},"modified":"2020-06-01T18:36:23","modified_gmt":"2020-06-01T16:36:23","slug":"nabor-do-akademii-warty-poznan-formularz","status":"publish","type":"page","link":"https:\/\/wartapoznan.pl\/index.php\/nabor-do-akademii-warty-poznan-formularz\/","title":{"rendered":"Nab\u00f3r do Akademii Warty Pozna\u0144 [FORMULARZ]"},"content":{"rendered":"<p><img loading=\"lazy\" decoding=\"async\" width=\"1000\" height=\"667\" src=\"https:\/\/wartapoznan.pl\/wp-content\/uploads\/2020\/06\/Akademia-116-www.jpg\" alt=\"Akademia Warty Pozna\u0144, nab\u00f3r, formularz\" class=\"aligncenter size-full wp-image-9262\" srcset=\"https:\/\/wartapoznan.pl\/wp-content\/uploads\/2020\/06\/Akademia-116-www.jpg 1000w, https:\/\/wartapoznan.pl\/wp-content\/uploads\/2020\/06\/Akademia-116-www-300x200.jpg 300w, https:\/\/wartapoznan.pl\/wp-content\/uploads\/2020\/06\/Akademia-116-www-768x512.jpg 768w, https:\/\/wartapoznan.pl\/wp-content\/uploads\/2020\/06\/Akademia-116-www-128x85.jpg 128w, https:\/\/wartapoznan.pl\/wp-content\/uploads\/2020\/06\/Akademia-116-www-32x21.jpg 32w, https:\/\/wartapoznan.pl\/wp-content\/uploads\/2020\/06\/Akademia-116-www-356x237.jpg 356w, https:\/\/wartapoznan.pl\/wp-content\/uploads\/2020\/06\/Akademia-116-www-470x313.jpg 470w, https:\/\/wartapoznan.pl\/wp-content\/uploads\/2020\/06\/Akademia-116-www-70x47.jpg 70w, https:\/\/wartapoznan.pl\/wp-content\/uploads\/2020\/06\/Akademia-116-www-100x67.jpg 100w\" sizes=\"(max-width: 1000px) 100vw, 1000px\" \/><\/p>\n<p><strong>Chcesz pos\u0142a\u0107 dziecko do Akademii Warty Pozna\u0144? Nie lubisz dzwoni\u0107 ani pisa\u0107 maili? Wype\u0142nij kr\u00f3tki formularz, a odezwiemy si\u0119 do Ciebie z informacjami na temat nabor\u00f3w.<\/strong><\/p>\n<p>Nale\u017cy wype\u0142ni\u0107 wszystkie pola formularza. Je\u015bli w przypadku m\u0142odszych zawodnik\u00f3w i zawodniczek nie ma informacji na temat obecnego klubu i poprzednich klub\u00f3w, prosimy wpisa\u0107 BRAK.<\/p>\n\n<div class=\"wpcf7 no-js\" id=\"wpcf7-f9129-o1\" lang=\"pl-PL\" dir=\"ltr\">\n<div class=\"screen-reader-response\"><p role=\"status\" aria-live=\"polite\" aria-atomic=\"true\"><\/p> <ul><\/ul><\/div>\n<form action=\"\/index.php\/wp-json\/wp\/v2\/pages\/9260#wpcf7-f9129-o1\" method=\"post\" class=\"wpcf7-form init\" aria-label=\"Formularz kontaktowy\" novalidate=\"novalidate\" data-status=\"init\">\n<div style=\"display: none;\">\n<input type=\"hidden\" name=\"_wpcf7\" value=\"9129\" \/>\n<input type=\"hidden\" name=\"_wpcf7_version\" value=\"5.9.8\" \/>\n<input type=\"hidden\" name=\"_wpcf7_locale\" value=\"pl_PL\" \/>\n<input type=\"hidden\" name=\"_wpcf7_unit_tag\" value=\"wpcf7-f9129-o1\" \/>\n<input type=\"hidden\" name=\"_wpcf7_container_post\" value=\"0\" \/>\n<input type=\"hidden\" name=\"_wpcf7_posted_data_hash\" value=\"\" \/>\n<input type=\"hidden\" name=\"_wpcf7_recaptcha_response\" value=\"\" \/>\n<\/div>\n<div class=\"row\">\n\t<div class=\"col-md-4\">\n\t\t<div class=\"form-group\">\n\t\t\t<p><label>Imi\u0119 i nazwisko: <span class=\"required\"><\/span><\/label><br \/>\n<span class=\"wpcf7-form-control-wrap\" data-name=\"input-name\"><input size=\"40\" maxlength=\"400\" class=\"wpcf7-form-control wpcf7-text wpcf7-validates-as-required form-control\" id=\"input-name\" aria-required=\"true\" aria-invalid=\"false\" placeholder=\"podaj imi\u0119 i nazwisko\" value=\"\" type=\"text\" name=\"input-name\" \/><\/span>\n\t\t\t<\/p>\n\t\t<\/div>\n\t<\/div>\n\t<div class=\"col-md-4\">\n\t\t<div class=\"form-group\">\n\t\t\t<p><label>Rok urodzenia <span class=\"required\"><\/span><\/label><br \/>\n<span class=\"wpcf7-form-control-wrap\" data-name=\"input-data\"><input size=\"40\" maxlength=\"400\" class=\"wpcf7-form-control wpcf7-text wpcf7-validates-as-required form-control\" id=\"input-data\" aria-required=\"true\" aria-invalid=\"false\" placeholder=\"podaj rok urodzenia\" value=\"\" type=\"text\" name=\"input-data\" \/><\/span>\n\t\t\t<\/p>\n\t\t<\/div>\n\t<\/div>\n\t<div class=\"col-md-4\">\n\t\t<div class=\"form-group\">\n\t\t\t<p><label>Pozycja na boisku <span class=\"required\"><\/span><\/label><br \/>\n<span class=\"wpcf7-form-control-wrap\" data-name=\"input-pozycja\"><input size=\"40\" maxlength=\"400\" class=\"wpcf7-form-control wpcf7-text wpcf7-validates-as-required form-control\" id=\"input-pozycja\" aria-required=\"true\" aria-invalid=\"false\" placeholder=\"podaj pozycj\u0119\" value=\"\" type=\"text\" name=\"input-pozycja\" \/><\/span>\n\t\t\t<\/p>\n\t\t<\/div>\n\t<\/div>\n\t<div class=\"col-md-4\">\n\t\t<div class=\"form-group\">\n\t\t\t<p><label>Obecny klub <span class=\"required\"><\/span><\/label><br \/>\n<span class=\"wpcf7-form-control-wrap\" data-name=\"input-klub\"><input size=\"40\" maxlength=\"400\" class=\"wpcf7-form-control wpcf7-text wpcf7-validates-as-required form-control\" id=\"input-klub\" aria-required=\"true\" aria-invalid=\"false\" placeholder=\"podaj obecny klub\" value=\"\" type=\"text\" name=\"input-klub\" \/><\/span>\n\t\t\t<\/p>\n\t\t<\/div>\n\t<\/div>\n\t<div class=\"col-md-4\">\n\t\t<div class=\"form-group\">\n\t\t\t<p><label>Poprzednie kluby <span class=\"required\"><\/span><\/label><br \/>\n<span class=\"wpcf7-form-control-wrap\" data-name=\"input-kluby\"><input size=\"40\" maxlength=\"400\" class=\"wpcf7-form-control wpcf7-text wpcf7-validates-as-required form-control\" id=\"input-kluby\" aria-required=\"true\" aria-invalid=\"false\" placeholder=\"podaj poprzednie kluby\" value=\"\" type=\"text\" name=\"input-kluby\" \/><\/span>\n\t\t\t<\/p>\n\t\t<\/div>\n\t<\/div>\n\t<div class=\"col-md-4\">\n\t\t<div class=\"form-group\">\n\t\t\t<p><label>Miejsce zamieszkania <span class=\"required\"><\/span><\/label><br \/>\n<span class=\"wpcf7-form-control-wrap\" data-name=\"input-zamieszkanie\"><input size=\"40\" maxlength=\"400\" class=\"wpcf7-form-control wpcf7-text wpcf7-validates-as-required form-control\" id=\"input-zamieszkanie\" aria-required=\"true\" aria-invalid=\"false\" placeholder=\"podaj miejsce zamieszkania\" value=\"\" type=\"text\" name=\"input-zamieszkanie\" \/><\/span>\n\t\t\t<\/p>\n\t\t<\/div>\n\t<\/div>\n\t<div class=\"col-md-4\">\n\t\t<div class=\"form-group\">\n\t\t\t<p><label>Telefon kontaktowy<span class=\"required\"><\/span><\/label><br \/>\n<span class=\"wpcf7-form-control-wrap\" data-name=\"input-telefon\"><input size=\"40\" maxlength=\"400\" class=\"wpcf7-form-control wpcf7-text wpcf7-validates-as-required form-control\" id=\"input-telefon\" aria-required=\"true\" aria-invalid=\"false\" placeholder=\"podaj telefon kontaktowy\" value=\"\" type=\"text\" name=\"input-telefon\" \/><\/span>\n\t\t\t<\/p>\n\t\t<\/div>\n\t<\/div>\n\t<div class=\"col-md-4\">\n\t\t<div class=\"form-group\">\n\t\t\t<p><label>Adres e-mail <span class=\"required\"><\/span><\/label><br \/>\n<span class=\"wpcf7-form-control-wrap\" data-name=\"input-mail\"><input size=\"40\" maxlength=\"400\" class=\"wpcf7-form-control wpcf7-text wpcf7-validates-as-required form-control\" id=\"input-mail\" aria-required=\"true\" aria-invalid=\"false\" placeholder=\"podaj e-mail kontaktowy\" value=\"\" type=\"text\" name=\"input-mail\" \/><\/span>\n\t\t\t<\/p>\n\t\t<\/div>\n\t<\/div>\n\t<div class=\"form-group form-group--submit\">\n\t\t<div class=\"form-group form-group--submit\">\n\t\t\t<p><span class=\"wpcf7-form-control-wrap\" data-name=\"zgoda\"><span class=\"wpcf7-form-control wpcf7-checkbox\"><span class=\"wpcf7-list-item first last\"><input type=\"checkbox\" name=\"zgoda[]\" value=\"Wyra\u017cam zgod\u0119 na przetwarzanie przez Warta Pozna\u0144 Sp\u00f3\u0142ka Akcyjna z siedzib\u0105 w Poznaniu przy ul. Droga D\u0119bi\u0144ska 12, 61-555 Pozna\u0144, moich danych osobowych zawartych w formularzu w celu marketingowych (zgoda opcjonalna).\" \/><span class=\"wpcf7-list-item-label\">Wyra\u017cam zgod\u0119 na przetwarzanie przez Warta Pozna\u0144 Sp\u00f3\u0142ka Akcyjna z siedzib\u0105 w Poznaniu przy ul. Droga D\u0119bi\u0144ska 12, 61-555 Pozna\u0144, moich danych osobowych zawartych w formularzu w celu marketingowych (zgoda opcjonalna).<\/span><\/span><\/span><\/span><br \/>\n<input class=\"wpcf7-form-control wpcf7-submit has-spinner btn btn-primary-inverse btn-lg btn-block\" id=\"submit\" type=\"submit\" value=\"Wy\u015blij formularz\" \/>\n\t\t\t<\/p>\n\t\t<\/div>\n\t<\/div>\n<\/div><div class=\"wpcf7-response-output\" aria-hidden=\"true\"><\/div>\n<\/form>\n<\/div>\n\n","protected":false},"excerpt":{"rendered":"<p>Chcesz pos\u0142a\u0107 dziecko do Akademii Warty Pozna\u0144? Nie lubisz dzwoni\u0107 ani pisa\u0107 maili? Wype\u0142nij kr\u00f3tki formularz, a odezwiemy si\u0119 do&#8230;<\/p>\n","protected":false},"author":36,"featured_media":9262,"parent":0,"menu_order":0,"comment_status":"closed","ping_status":"closed","template":"","meta":{"om_disable_all_campaigns":false,"inline_featured_image":false,"footnotes":"","_links_to":"","_links_to_target":""},"categories":[],"tags":[],"aioseo_notices":[],"_links":{"self":[{"href":"https:\/\/wartapoznan.pl\/index.php\/wp-json\/wp\/v2\/pages\/9260"}],"collection":[{"href":"https:\/\/wartapoznan.pl\/index.php\/wp-json\/wp\/v2\/pages"}],"about":[{"href":"https:\/\/wartapoznan.pl\/index.php\/wp-json\/wp\/v2\/types\/page"}],"author":[{"embeddable":true,"href":"https:\/\/wartapoznan.pl\/index.php\/wp-json\/wp\/v2\/users\/36"}],"replies":[{"embeddable":true,"href":"https:\/\/wartapoznan.pl\/index.php\/wp-json\/wp\/v2\/comments?post=9260"}],"version-history":[{"count":3,"href":"https:\/\/wartapoznan.pl\/index.php\/wp-json\/wp\/v2\/pages\/9260\/revisions"}],"predecessor-version":[{"id":9264,"href":"https:\/\/wartapoznan.pl\/index.php\/wp-json\/wp\/v2\/pages\/9260\/revisions\/9264"}],"wp:featuredmedia":[{"embeddable":true,"href":"https:\/\/wartapoznan.pl\/index.php\/wp-json\/wp\/v2\/media\/9262"}],"wp:attachment":[{"href":"https:\/\/wartapoznan.pl\/index.php\/wp-json\/wp\/v2\/media?parent=9260"}],"wp:term":[{"taxonomy":"category","embeddable":true,"href":"https:\/\/wartapoznan.pl\/index.php\/wp-json\/wp\/v2\/categories?post=9260"},{"taxonomy":"post_tag","embeddable":true,"href":"https:\/\/wartapoznan.pl\/index.php\/wp-json\/wp\/v2\/tags?post=9260"}],"curies":[{"name":"wp","href":"https:\/\/api.w.org\/{rel}","templated":true}]}}